[INFO] fetching crate risinglight 0.2.0...
[INFO] checking risinglight-0.2.0 against master#9610dfe5a9a731ced1ea4923ecbd0c57fe367898 for beta-170-4
[INFO] extracting crate risinglight 0.2.0 into /workspace/builds/worker-7-tc1/source
[INFO] validating manifest of crates.io crate risinglight 0.2.0 on toolchain 9610dfe5a9a731ced1ea4923ecbd0c57fe367898
[INFO] running `Command { std: CARGO_HOME="/workspace/cargo-home" RUSTUP_HOME="/workspace/rustup-home" "/workspace/cargo-home/bin/cargo" "+9610dfe5a9a731ced1ea4923ecbd0c57fe367898" "metadata" "--manifest-path" "Cargo.toml" "--no-deps", kill_on_drop: false }`
[INFO] removed /workspace/builds/worker-7-tc1/source/.cargo/config.toml
[INFO] removed /workspace/builds/worker-7-tc1/source/rust-toolchain
[INFO] started tweaking crates.io crate risinglight 0.2.0
[INFO] finished tweaking crates.io crate risinglight 0.2.0
[INFO] tweaked toml for crates.io crate risinglight 0.2.0 written to /workspace/builds/worker-7-tc1/source/Cargo.toml
[INFO] crate crates.io crate risinglight 0.2.0 already has a lockfile, it will not be regenerated
[INFO] running `Command { std: CARGO_HOME="/workspace/cargo-home" RUSTUP_HOME="/workspace/rustup-home" "/workspace/cargo-home/bin/cargo" "+9610dfe5a9a731ced1ea4923ecbd0c57fe367898" "fetch" "--manifest-path" "Cargo.toml", kill_on_drop: false }`
[INFO] [stderr]     Updating crates.io index
[INFO] [stderr]  Downloading crates ...
[INFO] [stderr]   Downloaded libtest-mimic v0.6.0
[INFO] [stderr]   Downloaded is-terminal v0.4.1
[INFO] [stderr]   Downloaded async-trait v0.1.60
[INFO] [stderr]   Downloaded rustyline v10.0.0
[INFO] [stderr]   Downloaded symbolic_expressions v5.0.3
[INFO] [stderr]   Downloaded prost-derive v0.11.2
[INFO] [stderr]   Downloaded ref-cast-impl v1.0.14
[INFO] [stderr]   Downloaded portable-atomic v0.3.18
[INFO] [stderr]   Downloaded futures-async-stream v0.2.5
[INFO] [stderr]   Downloaded minstant v0.1.2
[INFO] [stderr]   Downloaded console-api v0.4.0
[INFO] [stderr]   Downloaded compare v0.1.0
[INFO] [stderr]   Downloaded indoc v1.0.8
[INFO] [stderr]   Downloaded async-recursion v1.0.0
[INFO] [stderr]   Downloaded symbol_table v0.2.0
[INFO] [stderr]   Downloaded futures-async-stream-macro v0.2.5
[INFO] [stderr]   Downloaded minitrace v0.4.0
[INFO] [stderr]   Downloaded moka v0.9.6
[INFO] [stderr]   Downloaded tikv-jemalloc-sys v0.5.2+5.3.0-patched
[INFO] [stderr]   Downloaded binary-heap-plus v0.5.0
[INFO] [stderr]   Downloaded egg v0.9.2
[INFO] [stderr]   Downloaded enum_dispatch v0.3.8
[INFO] [stderr]   Downloaded parse-display-derive v0.6.0
[INFO] [stderr]   Downloaded fd-lock v3.0.8
[INFO] [stderr]   Downloaded sqlparser v0.27.0
[INFO] [stderr]   Downloaded minitrace-macro v0.4.0
[INFO] [stderr]   Downloaded risinglight_proto v0.2.0
[INFO] [stderr]   Downloaded rkyv v0.7.39
[INFO] [stderr]   Downloaded btreemultimap v0.1.0
[INFO] [stderr]   Downloaded comfy-table v6.1.3
[INFO] [stderr]   Downloaded console-subscriber v0.1.8
[INFO] [stderr]   Downloaded iter-chunks v0.1.3
[INFO] [stderr]   Downloaded raw-cpuid v10.6.0
[INFO] [stderr]   Downloaded retain_mut v0.1.9
[INFO] [stderr]   Downloaded camino v1.1.1
[INFO] [stderr]   Downloaded parse-display v0.6.0
[INFO] [stderr]   Downloaded prettyplease v0.1.22
[INFO] [stderr]   Downloaded prost-build v0.11.4
[INFO] [stderr]   Downloaded ref-cast v1.0.14
[INFO] [stderr]   Downloaded prost v0.11.3
[INFO] [stderr]   Downloaded sqllogictest v0.9.0
[INFO] [stderr]   Downloaded clipboard-win v4.4.2
[INFO] [stderr]   Downloaded prost-types v0.11.2
[INFO] [stderr]   Downloaded bytecheck_derive v0.6.9
[INFO] [stderr]   Downloaded bytecheck v0.6.9
[INFO] [stderr]   Downloaded rend v0.3.6
[INFO] [stderr]   Downloaded rkyv_derive v0.7.39
[INFO] [stderr]   Downloaded rust_decimal v1.27.0
[INFO] [stderr]   Downloaded rustix v0.36.5
[INFO] running `Command { std: "docker" "create" "-v" "/var/lib/crater-agent-workspace/builds/worker-7-tc1/target:/opt/rustwide/target:rw,Z" "-v" "/var/lib/crater-agent-workspace/builds/worker-7-tc1/source:/opt/rustwide/workdir:ro,Z" "-v" "/var/lib/crater-agent-workspace/cargo-home:/opt/rustwide/cargo-home:ro,Z" "-v" "/var/lib/crater-agent-workspace/rustup-home:/opt/rustwide/rustup-home:ro,Z" "-e" "SOURCE_DIR=/opt/rustwide/workdir" "-e" "CARGO_TARGET_DIR=/opt/rustwide/target" "-e" "CARGO_HOME=/opt/rustwide/cargo-home" "-e" "RUSTUP_HOME=/opt/rustwide/rustup-home" "-w" "/opt/rustwide/workdir" "-m" "1610612736" "--user" "0:0" "--network" "none" "ghcr.io/rust-lang/crates-build-env/linux@sha256:19e73879b68f455e41552ea35293514db52ea292d993f571636dbffedb77a1ee" "/opt/rustwide/cargo-home/bin/cargo" "+9610dfe5a9a731ced1ea4923ecbd0c57fe367898" "metadata" "--no-deps" "--format-version=1", kill_on_drop: false }`
[INFO] [stdout] e71b6e04b7152756a5afeba7ec7d52e1dfd6c6b9677635c4d2b818d01d42cd0a
[INFO] running `Command { std: "docker" "start" "-a" "e71b6e04b7152756a5afeba7ec7d52e1dfd6c6b9677635c4d2b818d01d42cd0a", kill_on_drop: false }`
[INFO] running `Command { std: "docker" "inspect" "e71b6e04b7152756a5afeba7ec7d52e1dfd6c6b9677635c4d2b818d01d42cd0a", kill_on_drop: false }`
[INFO] running `Command { std: "docker" "rm" "-f" "e71b6e04b7152756a5afeba7ec7d52e1dfd6c6b9677635c4d2b818d01d42cd0a", kill_on_drop: false }`
[INFO] [stdout] e71b6e04b7152756a5afeba7ec7d52e1dfd6c6b9677635c4d2b818d01d42cd0a
[INFO] running `Command { std: "docker" "create" "-v" "/var/lib/crater-agent-workspace/builds/worker-7-tc1/target:/opt/rustwide/target:rw,Z" "-v" "/var/lib/crater-agent-workspace/builds/worker-7-tc1/source:/opt/rustwide/workdir:ro,Z" "-v" "/var/lib/crater-agent-workspace/cargo-home:/opt/rustwide/cargo-home:ro,Z" "-v" "/var/lib/crater-agent-workspace/rustup-home:/opt/rustwide/rustup-home:ro,Z" "-e" "SOURCE_DIR=/opt/rustwide/workdir" "-e" "CARGO_TARGET_DIR=/opt/rustwide/target" "-e" "CARGO_INCREMENTAL=0" "-e" "RUST_BACKTRACE=full" "-e" "RUSTFLAGS=--cap-lints=forbid" "-e" "RUSTDOCFLAGS=--cap-lints=forbid" "-e" "CARGO_HOME=/opt/rustwide/cargo-home" "-e" "RUSTUP_HOME=/opt/rustwide/rustup-home" "-w" "/opt/rustwide/workdir" "-m" "1610612736" "--user" "0:0" "--network" "none" "ghcr.io/rust-lang/crates-build-env/linux@sha256:19e73879b68f455e41552ea35293514db52ea292d993f571636dbffedb77a1ee" "/opt/rustwide/cargo-home/bin/cargo" "+9610dfe5a9a731ced1ea4923ecbd0c57fe367898" "check" "--frozen" "--all" "--all-targets" "--message-format=json", kill_on_drop: false }`
[INFO] [stdout] 85ba69189d1a50cca358abb0e842045b327518ebe7f5b143b6309153c32a936e
[INFO] running `Command { std: "docker" "start" "-a" "85ba69189d1a50cca358abb0e842045b327518ebe7f5b143b6309153c32a936e", kill_on_drop: false }`
[INFO] [stderr]    Compiling proc-macro2 v1.0.49
[INFO] [stderr]    Compiling syn v1.0.107
[INFO] [stderr]    Compiling libc v0.2.138
[INFO] [stderr]    Compiling serde_derive v1.0.151
[INFO] [stderr]    Compiling serde v1.0.151
[INFO] [stderr]    Compiling log v0.4.17
[INFO] [stderr]     Checking once_cell v1.16.0
[INFO] [stderr]     Checking futures-io v0.3.25
[INFO] [stderr]    Compiling parking_lot_core v0.9.5
[INFO] [stderr]     Checking bytes v1.3.0
[INFO] [stderr]    Compiling futures-util v0.3.25
[INFO] [stderr]    Compiling ahash v0.7.6
[INFO] [stderr]    Compiling crossbeam-utils v0.8.14
[INFO] [stderr]    Compiling tokio v1.23.0
[INFO] [stderr]    Compiling anyhow v1.0.68
[INFO] [stderr]    Compiling indexmap v1.9.2
[INFO] [stderr]    Compiling either v1.8.0
[INFO] [stderr]     Checking tracing-core v0.1.30
[INFO] [stderr]    Compiling rustversion v1.0.11
[INFO] [stderr]    Compiling itertools v0.10.5
[INFO] [stderr]    Compiling memoffset v0.7.1
[INFO] [stderr]    Compiling num-traits v0.2.15
[INFO] [stderr]     Checking regex-syntax v0.6.28
[INFO] [stderr]    Compiling crossbeam-epoch v0.9.13
[INFO] [stderr]    Compiling io-lifetimes v1.0.3
[INFO] [stderr]    Compiling memchr v2.5.0
[INFO] [stderr]    Compiling async-trait v0.1.60
[INFO] [stderr]    Compiling rustix v0.36.5
[INFO] [stderr]     Checking http v0.2.8
[INFO] [stderr]     Checking crossbeam-channel v0.5.6
[INFO] [stderr]    Compiling quote v1.0.23
[INFO] [stderr]     Checking linux-raw-sys v0.1.4
[INFO] [stderr]    Compiling aho-corasick v0.7.20
[INFO] [stderr]     Checking os_str_bytes v6.4.1
[INFO] [stderr]     Checking want v0.3.0
[INFO] [stderr]     Checking http-body v0.4.5
[INFO] [stderr]    Compiling prettyplease v0.1.22
[INFO] [stderr]    Compiling hashbrown v0.12.3
[INFO] [stderr]    Compiling proc-macro-error-attr v1.0.4
[INFO] [stderr]     Checking fastrand v1.8.0
[INFO] [stderr]     Checking crossbeam-deque v0.8.2
[INFO] [stderr]     Checking ryu v1.0.12
[INFO] [stderr]    Compiling axum-core v0.3.0
[INFO] [stderr]    Compiling axum v0.6.1
[INFO] [stderr]    Compiling thiserror v1.0.38
[INFO] [stderr]    Compiling serde_json v1.0.91
[INFO] [stderr]    Compiling fixedbitset v0.4.2
[INFO] [stderr]    Compiling remove_dir_all v0.5.3
[INFO] [stderr]     Checking mime v0.3.16
[INFO] [stderr]     Checking getrandom v0.2.8
[INFO] [stderr]     Checking num_cpus v1.14.0
[INFO] [stderr]     Checking socket2 v0.4.7
[INFO] [stderr]     Checking mio v0.8.5
[INFO] [stderr]     Checking signal-hook-registry v1.4.0
[INFO] [stderr]     Checking rand_core v0.6.4
[INFO] [stderr]    Compiling tempfile v3.3.0
[INFO] [stderr]    Compiling which v4.3.0
[INFO] [stderr]    Compiling polling v2.5.2
[INFO] [stderr]    Compiling crossbeam-queue v0.3.8
[INFO] [stderr]     Checking rand_chacha v0.3.1
[INFO] [stderr]    Compiling lazy_static v1.4.0
[INFO] [stderr]     Checking matchit v0.7.0
[INFO] [stderr]    Compiling petgraph v0.6.2
[INFO] [stderr]     Checking byteorder v1.4.3
[INFO] [stderr]    Compiling multimap v0.8.3
[INFO] [stderr]     Checking sync_wrapper v0.1.1
[INFO] [stderr]     Checking parking v2.0.0
[INFO] [stderr]    Compiling parking_lot_core v0.8.6
[INFO] [stderr]     Checking rand v0.8.5
[INFO] [stderr]     Checking base64 v0.13.1
[INFO] [stderr]     Checking waker-fn v1.1.0
[INFO] [stderr]    Compiling fs_extra v1.2.0
[INFO] [stderr]     Checking unicode-width v0.1.10
[INFO] [stderr]     Checking regex-automata v0.1.10
[INFO] [stderr]     Checking regex v1.7.0
[INFO] [stderr]    Compiling cc v1.0.78
[INFO] [stderr]     Checking futures-lite v1.12.0
[INFO] [stderr]     Checking clap_lex v0.3.0
[INFO] [stderr]    Compiling async-io v1.12.0
[INFO] [stderr]     Checking event-listener v2.5.3
[INFO] [stderr]    Compiling portable-atomic v0.3.18
[INFO] [stderr]    Compiling radium v0.7.0
[INFO] [stderr]     Checking overload v0.1.1
[INFO] [stderr]     Checking minimal-lexical v0.2.1
[INFO] [stderr]     Checking nu-ansi-term v0.46.0
[INFO] [stderr]     Checking nom v7.1.1
[INFO] [stderr]     Checking threadpool v1.8.1
[INFO] [stderr]     Checking terminal_size v0.1.17
[INFO] [stderr]     Checking dirs-sys-next v0.1.2
[INFO] [stderr]     Checking matchers v0.1.0
[INFO] [stderr]     Checking concurrent-queue v2.0.0
[INFO] [stderr]     Checking tracing-log v0.1.3
[INFO] [stderr]     Checking sharded-slab v0.1.4
[INFO] [stderr]     Checking thread_local v1.1.4
[INFO] [stderr]     Checking raw-cpuid v10.6.0
[INFO] [stderr]     Checking async-lock v2.6.0
[INFO] [stderr]     Checking humantime v2.1.0
[INFO] [stderr]    Compiling paste v1.0.11
[INFO] [stderr]     Checking endian-type v0.1.2
[INFO] [stderr]    Compiling erased-serde v0.3.24
[INFO] [stderr]     Checking tap v1.0.1
[INFO] [stderr]    Compiling ref-cast v1.0.14
[INFO] [stderr]    Compiling rust_decimal v1.27.0
[INFO] [stderr]    Compiling rayon-core v1.10.1
[INFO] [stderr]    Compiling moka v0.9.6
[INFO] [stderr]     Checking is-terminal v0.4.1
[INFO] [stderr]     Checking fd-lock v3.0.8
[INFO] [stderr]     Checking wyz v0.5.1
[INFO] [stderr]     Checking dirs-next v2.0.0
[INFO] [stderr]     Checking console v0.15.2
[INFO] [stderr]     Checking crossbeam v0.8.2
[INFO] [stderr]    Compiling tikv-jemalloc-sys v0.5.2+5.3.0-patched
[INFO] [stderr]     Checking num-integer v0.1.45
[INFO] [stderr]     Checking symbol_table v0.2.0
[INFO] [stderr]     Checking fxhash v0.2.1
[INFO] [stderr]     Checking uuid v1.2.2
[INFO] [stderr]     Checking dirs-sys v0.3.7
[INFO] [stderr]     Checking nix v0.24.3
[INFO] [stderr]     Checking time v0.1.43
[INFO] [stderr]     Checking env_logger v0.9.3
[INFO] [stderr]     Checking csv-core v0.1.10
[INFO] [stderr]     Checking difference v2.0.0
[INFO] [stderr]     Checking md5 v0.7.0
[INFO] [stderr]     Checking triomphe v0.1.8
[INFO] [stderr]     Checking retain_mut v0.1.9
[INFO] [stderr]     Checking plotters-backend v0.3.4
[INFO] [stderr]     Checking compare v0.1.0
[INFO] [stderr]     Checking owo-colors v3.5.0
[INFO] [stderr]     Checking arrayvec v0.7.2
[INFO] [stderr]     Checking funty v2.0.0
[INFO] [stderr]     Checking strum v0.24.1
[INFO] [stderr]     Checking half v1.8.2
[INFO] [stderr]     Checking unicode-segmentation v1.10.0
[INFO] [stderr]     Checking symbolic_expressions v5.0.3
[INFO] [stderr]     Checking tagptr v0.2.0
[INFO] [stderr]     Checking ciborium-io v0.2.0
[INFO] [stderr]     Checking glob v0.3.0
[INFO] [stderr]     Checking quanta v0.10.1
[INFO] [stderr]     Checking number_prefix v0.4.0
[INFO] [stderr]     Checking utf8parse v0.2.0
[INFO] [stderr]     Checking itoa v0.4.8
[INFO] [stderr]     Checking bit-vec v0.6.3
[INFO] [stderr]     Checking ciborium-ll v0.2.0
[INFO] [stderr]     Checking chrono v0.4.23
[INFO] [stderr]     Checking indicatif v0.17.2
[INFO] [stderr]     Checking plotters-svg v0.3.3
[INFO] [stderr]     Checking binary-heap-plus v0.5.0
[INFO] [stderr]     Checking dirs v4.0.0
[INFO] [stderr]     Checking bit-set v0.5.3
[INFO] [stderr]     Checking clap_lex v0.2.4
[INFO] [stderr]     Checking textwrap v0.16.0
[INFO] [stderr]    Compiling indoc v1.0.8
[INFO] [stderr]     Checking cast v0.3.0
[INFO] [stderr]     Checking iter-chunks v0.1.3
[INFO] [stderr]     Checking downcast-rs v1.2.0
[INFO] [stderr]     Checking same-file v1.0.6
[INFO] [stderr]     Checking clap v3.2.23
[INFO] [stderr]     Checking plotters v0.3.4
[INFO] [stderr]     Checking atty v0.2.14
[INFO] [stderr]     Checking walkdir v2.3.2
[INFO] [stderr]     Checking criterion-plot v0.5.0
[INFO] [stderr]     Checking hdrhistogram v7.5.2
[INFO] [stderr]     Checking oorandom v11.1.3
[INFO] [stderr]     Checking anes v0.1.6
[INFO] [stderr]     Checking rayon v1.6.1
[INFO] [stderr]    Compiling proc-macro-error v1.0.4
[INFO] [stderr]    Compiling futures-macro v0.3.25
[INFO] [stderr]    Compiling tracing-attributes v0.1.23
[INFO] [stderr]    Compiling tokio-macros v1.8.2
[INFO] [stderr]    Compiling prost-derive v0.11.2
[INFO] [stderr]    Compiling pin-project-internal v1.0.12
[INFO] [stderr]    Compiling thiserror-impl v1.0.38
[INFO] [stderr]    Compiling async-stream-impl v0.3.3
[INFO] [stderr]    Compiling structmeta-derive v0.1.5
[INFO] [stderr]    Compiling clap_derive v4.0.21
[INFO] [stderr]    Compiling ctor v0.1.26
[INFO] [stderr]    Compiling futures-async-stream-macro v0.2.5
[INFO] [stderr]    Compiling strum_macros v0.24.3
[INFO] [stderr]     Checking minstant v0.1.2
[INFO] [stderr]    Compiling ref-cast-impl v1.0.14
[INFO] [stderr]    Compiling minitrace-macro v0.4.0
[INFO] [stderr]    Compiling enum_dispatch v0.3.8
[INFO] [stderr]     Checking async-stream v0.3.3
[INFO] [stderr]    Compiling async-recursion v1.0.0
[INFO] [stderr]    Compiling test-case-macros v2.2.2
[INFO] [stderr]    Compiling structmeta v0.1.5
[INFO] [stderr]     Checking pin-project v1.0.12
[INFO] [stderr]     Checking futures-async-stream v0.2.5
[INFO] [stderr]    Compiling parse-display-derive v0.6.0
[INFO] [stderr]     Checking tracing v0.1.37
[INFO] [stderr]     Checking tracing-futures v0.2.5
[INFO] [stderr]     Checking prost v0.11.3
[INFO] [stderr]     Checking clap v4.0.29
[INFO] [stderr]    Compiling prost-types v0.11.2
[INFO] [stderr]     Checking comfy-table v6.1.3
[INFO] [stderr]     Checking test-case v2.2.2
[INFO] [stderr]    Compiling prost-build v0.11.4
[INFO] [stderr]     Checking parse-display v0.6.0
[INFO] [stderr]     Checking futures-executor v0.3.25
[INFO] [stderr]     Checking futures v0.3.25
[INFO] [stderr]    Compiling risinglight_proto v0.2.0
[INFO] [stderr]     Checking libtest-mimic v0.6.0
[INFO] [stderr]     Checking sqllogictest v0.9.0
[INFO] [stderr]     Checking smallvec v1.10.0
[INFO] [stderr]     Checking bstr v0.2.17
[INFO] [stderr]     Checking sqlparser v0.27.0
[INFO] [stderr]     Checking ordered-float v3.4.0
[INFO] [stderr]     Checking btreemultimap v0.1.0
[INFO] [stderr]     Checking bitvec v1.0.1
[INFO] [stderr]     Checking ciborium v0.2.0
[INFO] [stderr]     Checking nibble_vec v0.1.0
[INFO] [stderr]     Checking egg v0.9.2
[INFO] [stderr]     Checking radix_trie v0.2.1
[INFO] [stderr]     Checking parking_lot v0.12.1
[INFO] [stderr]     Checking parking_lot v0.11.2
[INFO] [stderr]     Checking rustyline v10.0.0
[INFO] [stderr]     Checking csv v1.1.6
[INFO] [stderr]     Checking scheduled-thread-pool v0.2.6
[INFO] [stderr]     Checking tracing-subscriber v0.3.16
[INFO] [stderr]     Checking minitrace v0.4.0
[INFO] [stderr]     Checking tinytemplate v1.2.1
[INFO] [stderr]     Checking tokio-util v0.7.4
[INFO] [stderr]     Checking tokio-io-timeout v1.2.0
[INFO] [stderr]     Checking tokio-stream v0.1.11
[INFO] [stderr]     Checking criterion v0.4.0
[INFO] [stderr]     Checking h2 v0.3.15
[INFO] [stderr]     Checking tower v0.4.13
[INFO] [stderr]     Checking tower-http v0.3.5
[INFO] [stderr]     Checking hyper v0.14.23
[INFO] [stderr]     Checking hyper-timeout v0.4.1
[INFO] [stderr]     Checking tonic v0.8.3
[INFO] [stderr]     Checking console-api v0.4.0
[INFO] [stderr]     Checking console-subscriber v0.1.8
[INFO] [stderr]     Checking tikv-jemallocator v0.5.0
[INFO] [stderr]     Checking risinglight v0.2.0 (/opt/rustwide/workdir)
[INFO] [stdout] error[E0425]: cannot find function `consume_budget` in module `tokio::task`
[INFO] [stdout]   --> src/executor_v2/hash_join.rs:44:30
[INFO] [stdout]    |
[INFO] [stdout] 44 |                 tokio::task::consume_budget().await;
[INFO] [stdout]    |                              ^^^^^^^^^^^^^^ not found in `tokio::task`
[INFO] [stdout] 
[INFO] [stdout] 
[INFO] [stdout] error[E0425]: cannot find function `consume_budget` in module `tokio::task`
[INFO] [stdout]   --> src/executor_v2/hash_join.rs:76:30
[INFO] [stdout]    |
[INFO] [stdout] 76 |                 tokio::task::consume_budget().await;
[INFO] [stdout]    |                              ^^^^^^^^^^^^^^ not found in `tokio::task`
[INFO] [stdout] 
[INFO] [stdout] 
[INFO] [stdout] error[E0425]: cannot find function `consume_budget` in module `tokio::task`
[INFO] [stdout]   --> src/executor_v2/hash_join.rs:96:34
[INFO] [stdout]    |
[INFO] [stdout] 96 |                     tokio::task::consume_budget().await;
[INFO] [stdout]    |                                  ^^^^^^^^^^^^^^ not found in `tokio::task`
[INFO] [stdout] 
[INFO] [stdout] 
[INFO] [stdout] error[E0425]: cannot find function `consume_budget` in module `tokio::task`
[INFO] [stdout]   --> src/executor_v2/nested_loop_join.rs:49:34
[INFO] [stdout]    |
[INFO] [stdout] 49 |                     tokio::task::consume_budget().await;
[INFO] [stdout]    |                                  ^^^^^^^^^^^^^^ not found in `tokio::task`
[INFO] [stdout] 
[INFO] [stdout] 
[INFO] [stdout] error[E0425]: cannot find function `consume_budget` in module `tokio::task`
[INFO] [stdout]   --> src/executor_v2/nested_loop_join.rs:88:30
[INFO] [stdout]    |
[INFO] [stdout] 88 |                 tokio::task::consume_budget().await;
[INFO] [stdout]    |                              ^^^^^^^^^^^^^^ not found in `tokio::task`
[INFO] [stdout] 
[INFO] [stdout] 
[INFO] [stdout] error[E0433]: failed to resolve: could not find `Builder` in `task`
[INFO] [stdout]    --> src/executor_v2/mod.rs:327:31
[INFO] [stdout]     |
[INFO] [stdout] 327 |     let handle = tokio::task::Builder::default()
[INFO] [stdout]     |                               ^^^^^^^ could not find `Builder` in `task`
[INFO] [stdout]     |
[INFO] [stdout] help: consider importing one of these items
[INFO] [stdout]     |
[INFO] [stdout] 15  + use console_subscriber::Builder;
[INFO] [stdout]     |
[INFO] [stdout] 15  + use crate::executor_v2::Builder;
[INFO] [stdout]     |
[INFO] [stdout] 15  + use rustyline::config::Builder;
[INFO] [stdout]     |
[INFO] [stdout] 15  + use std::thread::Builder;
[INFO] [stdout]     |
[INFO] [stdout]       and 2 other candidates
[INFO] [stdout] help: if you import `Builder`, refer to it directly
[INFO] [stdout]     |
[INFO] [stdout] 327 -     let handle = tokio::task::Builder::default()
[INFO] [stdout] 327 +     let handle = Builder::default()
[INFO] [stdout]     |
[INFO] [stdout] 
[INFO] [stdout] 
[INFO] [stdout] error[E0425]: cannot find function `consume_budget` in module `tokio::task`
[INFO] [stdout]   --> src/v1/executor/hash_join.rs:50:26
[INFO] [stdout]    |
[INFO] [stdout] 50 |             tokio::task::consume_budget().await;
[INFO] [stdout]    |                          ^^^^^^^^^^^^^^ not found in `tokio::task`
[INFO] [stdout] 
[INFO] [stdout] 
[INFO] [stdout] error[E0425]: cannot find function `consume_budget` in module `tokio::task`
[INFO] [stdout]   --> src/v1/executor/hash_join.rs:65:26
[INFO] [stdout]    |
[INFO] [stdout] 65 |             tokio::task::consume_budget().await;
[INFO] [stdout]    |                          ^^^^^^^^^^^^^^ not found in `tokio::task`
[INFO] [stdout] 
[INFO] [stdout] 
[INFO] [stdout] error[E0425]: cannot find function `consume_budget` in module `tokio::task`
[INFO] [stdout]   --> src/v1/executor/hash_join.rs:87:30
[INFO] [stdout]    |
[INFO] [stdout] 87 |                 tokio::task::consume_budget().await;
[INFO] [stdout]    |                              ^^^^^^^^^^^^^^ not found in `tokio::task`
[INFO] [stdout] 
[INFO] [stdout] 
[INFO] [stdout] error[E0425]: cannot find function `consume_budget` in module `tokio::task`
[INFO] [stdout]    --> src/v1/executor/hash_join.rs:107:30
[INFO] [stdout]     |
[INFO] [stdout] 107 |                 tokio::task::consume_budget().await;
[INFO] [stdout]     |                              ^^^^^^^^^^^^^^ not found in `tokio::task`
[INFO] [stdout] 
[INFO] [stdout] 
[INFO] [stdout] error[E0425]: cannot find function `consume_budget` in module `tokio::task`
[INFO] [stdout]   --> src/v1/executor/nested_loop_join.rs:60:34
[INFO] [stdout]    |
[INFO] [stdout] 60 |                     tokio::task::consume_budget().await;
[INFO] [stdout]    |                                  ^^^^^^^^^^^^^^ not found in `tokio::task`
[INFO] [stdout] 
[INFO] [stdout] 
[INFO] [stdout] error[E0425]: cannot find function `consume_budget` in module `tokio::task`
[INFO] [stdout]    --> src/v1/executor/nested_loop_join.rs:104:30
[INFO] [stdout]     |
[INFO] [stdout] 104 |                 tokio::task::consume_budget().await;
[INFO] [stdout]     |                              ^^^^^^^^^^^^^^ not found in `tokio::task`
[INFO] [stdout] 
[INFO] [stdout] 
[INFO] [stdout] error[E0433]: failed to resolve: could not find `Builder` in `task`
[INFO] [stdout]    --> src/storage/secondary/mod.rs:116:30
[INFO] [stdout]     |
[INFO] [stdout] 116 |                 tokio::task::Builder::default()
[INFO] [stdout]     |                              ^^^^^^^ could not find `Builder` in `task`
[INFO] [stdout]     |
[INFO] [stdout] help: consider importing one of these items
[INFO] [stdout]     |
[INFO] [stdout] 5   + use console_subscriber::Builder;
[INFO] [stdout]     |
[INFO] [stdout] 5   + use rustyline::config::Builder;
[INFO] [stdout]     |
[INFO] [stdout] 5   + use std::thread::Builder;
[INFO] [stdout]     |
[INFO] [stdout] 5   + use tokio::runtime::Builder;
[INFO] [stdout]     |
[INFO] [stdout]       and 1 other candidate
[INFO] [stdout] help: if you import `Builder`, refer to it directly
[INFO] [stdout]     |
[INFO] [stdout] 116 -                 tokio::task::Builder::default()
[INFO] [stdout] 116 +                 Builder::default()
[INFO] [stdout]     |
[INFO] [stdout] 
[INFO] [stdout] 
[INFO] [stdout] error[E0433]: failed to resolve: could not find `Builder` in `task`
[INFO] [stdout]    --> src/storage/secondary/mod.rs:133:30
[INFO] [stdout]     |
[INFO] [stdout] 133 |                 tokio::task::Builder::default()
[INFO] [stdout]     |                              ^^^^^^^ could not find `Builder` in `task`
[INFO] [stdout]     |
[INFO] [stdout] help: consider importing one of these items
[INFO] [stdout]     |
[INFO] [stdout] 5   + use console_subscriber::Builder;
[INFO] [stdout]     |
[INFO] [stdout] 5   + use rustyline::config::Builder;
[INFO] [stdout]     |
[INFO] [stdout] 5   + use std::thread::Builder;
[INFO] [stdout]     |
[INFO] [stdout] 5   + use tokio::runtime::Builder;
[INFO] [stdout]     |
[INFO] [stdout]       and 1 other candidate
[INFO] [stdout] help: if you import `Builder`, refer to it directly
[INFO] [stdout]     |
[INFO] [stdout] 133 -                 tokio::task::Builder::default()
[INFO] [stdout] 133 +                 Builder::default()
[INFO] [stdout]     |
[INFO] [stdout] 
[INFO] [stdout] 
[INFO] [stdout] error[E0425]: cannot find function `consume_budget` in module `tokio::task`
[INFO] [stdout]   --> src/executor_v2/hash_join.rs:44:30
[INFO] [stdout]    |
[INFO] [stdout] 44 |                 tokio::task::consume_budget().await;
[INFO] [stdout]    |                              ^^^^^^^^^^^^^^ not found in `tokio::task`
[INFO] [stdout] 
[INFO] [stdout] 
[INFO] [stdout] error[E0425]: cannot find function `consume_budget` in module `tokio::task`
[INFO] [stdout]   --> src/executor_v2/hash_join.rs:76:30
[INFO] [stdout]    |
[INFO] [stdout] 76 |                 tokio::task::consume_budget().await;
[INFO] [stdout]    |                              ^^^^^^^^^^^^^^ not found in `tokio::task`
[INFO] [stdout] 
[INFO] [stdout] 
[INFO] [stdout] error[E0425]: cannot find function `consume_budget` in module `tokio::task`
[INFO] [stdout]   --> src/executor_v2/hash_join.rs:96:34
[INFO] [stdout]    |
[INFO] [stdout] 96 |                     tokio::task::consume_budget().await;
[INFO] [stdout]    |                                  ^^^^^^^^^^^^^^ not found in `tokio::task`
[INFO] [stdout] 
[INFO] [stdout] 
[INFO] [stdout] error[E0425]: cannot find function `consume_budget` in module `tokio::task`
[INFO] [stdout]   --> src/executor_v2/nested_loop_join.rs:49:34
[INFO] [stdout]    |
[INFO] [stdout] 49 |                     tokio::task::consume_budget().await;
[INFO] [stdout]    |                                  ^^^^^^^^^^^^^^ not found in `tokio::task`
[INFO] [stdout] 
[INFO] [stdout] 
[INFO] [stdout] error[E0658]: `impl Trait` in associated types is unstable
[INFO] [stdout]    --> src/storage/secondary/column/concrete_column_iterator.rs:243:27
[INFO] [stdout]     |
[INFO] [stdout] 243 |     type NextFuture<'a> = impl Future<Output = StorageResult<Option<(u32, A)>>> + 'a;
[INFO] [stdout]     |                           ^^^^^^^^^^^^^^^^^^^^^^^^^^^^^^^^^^^^^^^^^^^^^^^^^^^^^^^^^^
[INFO] [stdout]     |
[INFO] [stdout]     = note: see issue #63063 <https://github.com/rust-lang/rust/issues/63063> for more information
[INFO] [stdout]     = help: add `#![feature(impl_trait_in_assoc_type)]` to the crate attributes to enable
[INFO] [stdout] 
[INFO] [stdout] 
[INFO] [stdout] error[E0658]: `impl Trait` in associated types is unstable
[INFO] [stdout]   --> src/storage/secondary/column/row_handler_column_iterator.rs:27:27
[INFO] [stdout]    |
[INFO] [stdout] 27 |     type NextFuture<'a> = impl Future<Output = StorageResult<Option<(u32, I64Array)>>> + 'a;
[INFO] [stdout]    |                           ^^^^^^^^^^^^^^^^^^^^^^^^^^^^^^^^^^^^^^^^^^^^^^^^^^^^^^^^^^^^^^^^^
[INFO] [stdout]    |
[INFO] [stdout]    = note: see issue #63063 <https://github.com/rust-lang/rust/issues/63063> for more information
[INFO] [stdout]    = help: add `#![feature(impl_trait_in_assoc_type)]` to the crate attributes to enable
[INFO] [stdout] 
[INFO] [stdout] 
[INFO] [stdout] error[E0425]: cannot find function `consume_budget` in module `tokio::task`
[INFO] [stdout]   --> src/executor_v2/nested_loop_join.rs:88:30
[INFO] [stdout]    |
[INFO] [stdout] 88 |                 tokio::task::consume_budget().await;
[INFO] [stdout]    |                              ^^^^^^^^^^^^^^ not found in `tokio::task`
[INFO] [stdout] 
[INFO] [stdout] 
[INFO] [stdout] error[E0433]: failed to resolve: could not find `Builder` in `task`
[INFO] [stdout]    --> src/executor_v2/mod.rs:327:31
[INFO] [stdout]     |
[INFO] [stdout] 327 |     let handle = tokio::task::Builder::default()
[INFO] [stdout]     |                               ^^^^^^^ could not find `Builder` in `task`
[INFO] [stdout]     |
[INFO] [stdout] help: consider importing one of these items
[INFO] [stdout]     |
[INFO] [stdout] 15  + use console_subscriber::Builder;
[INFO] [stdout]     |
[INFO] [stdout] 15  + use crate::executor_v2::Builder;
[INFO] [stdout]     |
[INFO] [stdout] 15  + use rustyline::config::Builder;
[INFO] [stdout]     |
[INFO] [stdout] 15  + use std::thread::Builder;
[INFO] [stdout]     |
[INFO] [stdout]       and 3 other candidates
[INFO] [stdout] help: if you import `Builder`, refer to it directly
[INFO] [stdout]     |
[INFO] [stdout] 327 -     let handle = tokio::task::Builder::default()
[INFO] [stdout] 327 +     let handle = Builder::default()
[INFO] [stdout]     |
[INFO] [stdout] 
[INFO] [stdout] 
[INFO] [stdout] error[E0425]: cannot find function `consume_budget` in module `tokio::task`
[INFO] [stdout]   --> src/v1/executor/hash_join.rs:50:26
[INFO] [stdout]    |
[INFO] [stdout] 50 |             tokio::task::consume_budget().await;
[INFO] [stdout]    |                          ^^^^^^^^^^^^^^ not found in `tokio::task`
[INFO] [stdout] 
[INFO] [stdout] 
[INFO] [stdout] error[E0425]: cannot find function `consume_budget` in module `tokio::task`
[INFO] [stdout]   --> src/v1/executor/hash_join.rs:65:26
[INFO] [stdout]    |
[INFO] [stdout] 65 |             tokio::task::consume_budget().await;
[INFO] [stdout]    |                          ^^^^^^^^^^^^^^ not found in `tokio::task`
[INFO] [stdout] 
[INFO] [stdout] 
[INFO] [stdout] error[E0425]: cannot find function `consume_budget` in module `tokio::task`
[INFO] [stdout]   --> src/v1/executor/hash_join.rs:87:30
[INFO] [stdout]    |
[INFO] [stdout] 87 |                 tokio::task::consume_budget().await;
[INFO] [stdout]    |                              ^^^^^^^^^^^^^^ not found in `tokio::task`
[INFO] [stdout] 
[INFO] [stdout] 
[INFO] [stdout] error[E0425]: cannot find function `consume_budget` in module `tokio::task`
[INFO] [stdout]    --> src/v1/executor/hash_join.rs:107:30
[INFO] [stdout]     |
[INFO] [stdout] 107 |                 tokio::task::consume_budget().await;
[INFO] [stdout]     |                              ^^^^^^^^^^^^^^ not found in `tokio::task`
[INFO] [stdout] 
[INFO] [stdout] 
[INFO] [stdout] error[E0425]: cannot find function `consume_budget` in module `tokio::task`
[INFO] [stdout]   --> src/v1/executor/nested_loop_join.rs:60:34
[INFO] [stdout]    |
[INFO] [stdout] 60 |                     tokio::task::consume_budget().await;
[INFO] [stdout]    |                                  ^^^^^^^^^^^^^^ not found in `tokio::task`
[INFO] [stdout] 
[INFO] [stdout] 
[INFO] [stdout] error[E0425]: cannot find function `consume_budget` in module `tokio::task`
[INFO] [stdout]    --> src/v1/executor/nested_loop_join.rs:104:30
[INFO] [stdout]     |
[INFO] [stdout] 104 |                 tokio::task::consume_budget().await;
[INFO] [stdout]     |                              ^^^^^^^^^^^^^^ not found in `tokio::task`
[INFO] [stdout] 
[INFO] [stdout] 
[INFO] [stdout] error[E0433]: failed to resolve: could not find `Builder` in `task`
[INFO] [stdout]    --> src/storage/secondary/mod.rs:116:30
[INFO] [stdout]     |
[INFO] [stdout] 116 |                 tokio::task::Builder::default()
[INFO] [stdout]     |                              ^^^^^^^ could not find `Builder` in `task`
[INFO] [stdout]     |
[INFO] [stdout] help: consider importing one of these items
[INFO] [stdout]     |
[INFO] [stdout] 5   + use console_subscriber::Builder;
[INFO] [stdout]     |
[INFO] [stdout] 5   + use rustyline::config::Builder;
[INFO] [stdout]     |
[INFO] [stdout] 5   + use std::thread::Builder;
[INFO] [stdout]     |
[INFO] [stdout] 5   + use tempfile::Builder;
[INFO] [stdout]     |
[INFO] [stdout]       and 2 other candidates
[INFO] [stdout] help: if you import `Builder`, refer to it directly
[INFO] [stdout]     |
[INFO] [stdout] 116 -                 tokio::task::Builder::default()
[INFO] [stdout] 116 +                 Builder::default()
[INFO] [stdout]     |
[INFO] [stdout] 
[INFO] [stdout] 
[INFO] [stdout] error[E0433]: failed to resolve: could not find `Builder` in `task`
[INFO] [stdout]    --> src/storage/secondary/mod.rs:133:30
[INFO] [stdout]     |
[INFO] [stdout] 133 |                 tokio::task::Builder::default()
[INFO] [stdout]     |                              ^^^^^^^ could not find `Builder` in `task`
[INFO] [stdout]     |
[INFO] [stdout] help: consider importing one of these items
[INFO] [stdout]     |
[INFO] [stdout] 5   + use console_subscriber::Builder;
[INFO] [stdout]     |
[INFO] [stdout] 5   + use rustyline::config::Builder;
[INFO] [stdout]     |
[INFO] [stdout] 5   + use std::thread::Builder;
[INFO] [stdout]     |
[INFO] [stdout] 5   + use tempfile::Builder;
[INFO] [stdout]     |
[INFO] [stdout]       and 2 other candidates
[INFO] [stdout] help: if you import `Builder`, refer to it directly
[INFO] [stdout]     |
[INFO] [stdout] 133 -                 tokio::task::Builder::default()
[INFO] [stdout] 133 +                 Builder::default()
[INFO] [stdout]     |
[INFO] [stdout] 
[INFO] [stdout] 
[INFO] [stdout] error[E0658]: `impl Trait` in associated types is unstable
[INFO] [stdout]    --> src/storage/secondary/column/concrete_column_iterator.rs:243:27
[INFO] [stdout]     |
[INFO] [stdout] 243 |     type NextFuture<'a> = impl Future<Output = StorageResult<Option<(u32, A)>>> + 'a;
[INFO] [stdout]     |                           ^^^^^^^^^^^^^^^^^^^^^^^^^^^^^^^^^^^^^^^^^^^^^^^^^^^^^^^^^^
[INFO] [stdout]     |
[INFO] [stdout]     = note: see issue #63063 <https://github.com/rust-lang/rust/issues/63063> for more information
[INFO] [stdout]     = help: add `#![feature(impl_trait_in_assoc_type)]` to the crate attributes to enable
[INFO] [stdout] 
[INFO] [stdout] 
[INFO] [stdout] error[E0658]: `impl Trait` in associated types is unstable
[INFO] [stdout]   --> src/storage/secondary/column/row_handler_column_iterator.rs:27:27
[INFO] [stdout]    |
[INFO] [stdout] 27 |     type NextFuture<'a> = impl Future<Output = StorageResult<Option<(u32, I64Array)>>> + 'a;
[INFO] [stdout]    |                           ^^^^^^^^^^^^^^^^^^^^^^^^^^^^^^^^^^^^^^^^^^^^^^^^^^^^^^^^^^^^^^^^^
[INFO] [stdout]    |
[INFO] [stdout]    = note: see issue #63063 <https://github.com/rust-lang/rust/issues/63063> for more information
[INFO] [stdout]    = help: add `#![feature(impl_trait_in_assoc_type)]` to the crate attributes to enable
[INFO] [stdout] 
[INFO] [stdout] 
[INFO] [stdout] error[E0658]: use of unstable library feature 'lazy_cell'
[INFO] [stdout]   --> src/planner/rules/mod.rs:27:5
[INFO] [stdout]    |
[INFO] [stdout] 27 | use std::sync::LazyLock;
[INFO] [stdout]    |     ^^^^^^^^^^^^^^^^^^^
[INFO] [stdout]    |
[INFO] [stdout]    = note: see issue #109736 <https://github.com/rust-lang/rust/issues/109736> for more information
[INFO] [stdout]    = help: add `#![feature(lazy_cell)]` to the crate attributes to enable
[INFO] [stdout] 
[INFO] [stdout] 
[INFO] [stdout] error[E0658]: use of unstable library feature 'lazy_cell'
[INFO] [stdout]   --> src/planner/rules/mod.rs:46:26
[INFO] [stdout]    |
[INFO] [stdout] 46 | pub static STAGE1_RULES: LazyLock<Vec<Rewrite>> = LazyLock::new(|| {
[INFO] [stdout]    |                          ^^^^^^^^^^^^^^^^^^^^^^
[INFO] [stdout]    |
[INFO] [stdout]    = note: see issue #109736 <https://github.com/rust-lang/rust/issues/109736> for more information
[INFO] [stdout]    = help: add `#![feature(lazy_cell)]` to the crate attributes to enable
[INFO] [stdout] 
[INFO] [stdout] 
[INFO] [stdout] error[E0658]: use of unstable library feature 'lazy_cell'
[INFO] [stdout]   --> src/planner/rules/mod.rs:46:51
[INFO] [stdout]    |
[INFO] [stdout] 46 | pub static STAGE1_RULES: LazyLock<Vec<Rewrite>> = LazyLock::new(|| {
[INFO] [stdout]    |                                                   ^^^^^^^^
[INFO] [stdout]    |
[INFO] [stdout]    = note: see issue #109736 <https://github.com/rust-lang/rust/issues/109736> for more information
[INFO] [stdout]    = help: add `#![feature(lazy_cell)]` to the crate attributes to enable
[INFO] [stdout] 
[INFO] [stdout] 
[INFO] [stdout] error[E0658]: use of unstable library feature 'lazy_cell'
[INFO] [stdout]   --> src/planner/rules/mod.rs:54:26
[INFO] [stdout]    |
[INFO] [stdout] 54 | pub static STAGE2_RULES: LazyLock<Vec<Rewrite>> = LazyLock::new(|| {
[INFO] [stdout]    |                          ^^^^^^^^^^^^^^^^^^^^^^
[INFO] [stdout]    |
[INFO] [stdout]    = note: see issue #109736 <https://github.com/rust-lang/rust/issues/109736> for more information
[INFO] [stdout]    = help: add `#![feature(lazy_cell)]` to the crate attributes to enable
[INFO] [stdout] 
[INFO] [stdout] 
[INFO] [stdout] error[E0658]: use of unstable library feature 'lazy_cell'
[INFO] [stdout]   --> src/planner/rules/mod.rs:54:51
[INFO] [stdout]    |
[INFO] [stdout] 54 | pub static STAGE2_RULES: LazyLock<Vec<Rewrite>> = LazyLock::new(|| {
[INFO] [stdout]    |                                                   ^^^^^^^^
[INFO] [stdout]    |
[INFO] [stdout]    = note: see issue #109736 <https://github.com/rust-lang/rust/issues/109736> for more information
[INFO] [stdout]    = help: add `#![feature(lazy_cell)]` to the crate attributes to enable
[INFO] [stdout] 
[INFO] [stdout] 
[INFO] [stdout] error[E0658]: use of unstable library feature 'lazy_cell'
[INFO] [stdout]   --> src/planner/rules/mod.rs:62:26
[INFO] [stdout]    |
[INFO] [stdout] 62 | pub static STAGE3_RULES: LazyLock<Vec<Rewrite>> = LazyLock::new(|| {
[INFO] [stdout]    |                          ^^^^^^^^^^^^^^^^^^^^^^
[INFO] [stdout]    |
[INFO] [stdout]    = note: see issue #109736 <https://github.com/rust-lang/rust/issues/109736> for more information
[INFO] [stdout]    = help: add `#![feature(lazy_cell)]` to the crate attributes to enable
[INFO] [stdout] 
[INFO] [stdout] 
[INFO] [stdout] error[E0658]: use of unstable library feature 'lazy_cell'
[INFO] [stdout]   --> src/planner/rules/mod.rs:62:51
[INFO] [stdout]    |
[INFO] [stdout] 62 | pub static STAGE3_RULES: LazyLock<Vec<Rewrite>> = LazyLock::new(|| {
[INFO] [stdout]    |                                                   ^^^^^^^^
[INFO] [stdout]    |
[INFO] [stdout]    = note: see issue #109736 <https://github.com/rust-lang/rust/issues/109736> for more information
[INFO] [stdout]    = help: add `#![feature(lazy_cell)]` to the crate attributes to enable
[INFO] [stdout] 
[INFO] [stdout] 
[INFO] [stdout] warning: the feature `once_cell` has been stable since 1.70.0 and no longer requires an attribute to enable
[INFO] [stdout]   --> src/lib.rs:21:12
[INFO] [stdout]    |
[INFO] [stdout] 21 | #![feature(once_cell)]
[INFO] [stdout]    |            ^^^^^^^^^
[INFO] [stdout]    |
[INFO] [stdout]    = note: `#[warn(stable_features)]` on by default
[INFO] [stdout] 
[INFO] [stdout] 
[INFO] [stdout] error[E0658]: use of unstable library feature 'lazy_cell'
[INFO] [stdout]   --> src/planner/rules/mod.rs:27:5
[INFO] [stdout]    |
[INFO] [stdout] 27 | use std::sync::LazyLock;
[INFO] [stdout]    |     ^^^^^^^^^^^^^^^^^^^
[INFO] [stdout]    |
[INFO] [stdout]    = note: see issue #109736 <https://github.com/rust-lang/rust/issues/109736> for more information
[INFO] [stdout]    = help: add `#![feature(lazy_cell)]` to the crate attributes to enable
[INFO] [stdout] 
[INFO] [stdout] 
[INFO] [stdout] error[E0658]: use of unstable library feature 'lazy_cell'
[INFO] [stdout]   --> src/planner/rules/mod.rs:46:26
[INFO] [stdout]    |
[INFO] [stdout] 46 | pub static STAGE1_RULES: LazyLock<Vec<Rewrite>> = LazyLock::new(|| {
[INFO] [stdout]    |                          ^^^^^^^^^^^^^^^^^^^^^^
[INFO] [stdout]    |
[INFO] [stdout]    = note: see issue #109736 <https://github.com/rust-lang/rust/issues/109736> for more information
[INFO] [stdout]    = help: add `#![feature(lazy_cell)]` to the crate attributes to enable
[INFO] [stdout] 
[INFO] [stdout] 
[INFO] [stdout] error[E0658]: use of unstable library feature 'lazy_cell'
[INFO] [stdout]   --> src/planner/rules/mod.rs:46:51
[INFO] [stdout]    |
[INFO] [stdout] 46 | pub static STAGE1_RULES: LazyLock<Vec<Rewrite>> = LazyLock::new(|| {
[INFO] [stdout]    |                                                   ^^^^^^^^
[INFO] [stdout]    |
[INFO] [stdout]    = note: see issue #109736 <https://github.com/rust-lang/rust/issues/109736> for more information
[INFO] [stdout]    = help: add `#![feature(lazy_cell)]` to the crate attributes to enable
[INFO] [stdout] 
[INFO] [stdout] 
[INFO] [stdout] error[E0658]: use of unstable library feature 'lazy_cell'
[INFO] [stdout]   --> src/planner/rules/mod.rs:54:26
[INFO] [stdout]    |
[INFO] [stdout] 54 | pub static STAGE2_RULES: LazyLock<Vec<Rewrite>> = LazyLock::new(|| {
[INFO] [stdout]    |                          ^^^^^^^^^^^^^^^^^^^^^^
[INFO] [stdout]    |
[INFO] [stdout]    = note: see issue #109736 <https://github.com/rust-lang/rust/issues/109736> for more information
[INFO] [stdout]    = help: add `#![feature(lazy_cell)]` to the crate attributes to enable
[INFO] [stdout] 
[INFO] [stdout] 
[INFO] [stdout] error[E0658]: use of unstable library feature 'lazy_cell'
[INFO] [stdout]   --> src/planner/rules/mod.rs:54:51
[INFO] [stdout]    |
[INFO] [stdout] 54 | pub static STAGE2_RULES: LazyLock<Vec<Rewrite>> = LazyLock::new(|| {
[INFO] [stdout]    |                                                   ^^^^^^^^
[INFO] [stdout]    |
[INFO] [stdout]    = note: see issue #109736 <https://github.com/rust-lang/rust/issues/109736> for more information
[INFO] [stdout]    = help: add `#![feature(lazy_cell)]` to the crate attributes to enable
[INFO] [stdout] 
[INFO] [stdout] 
[INFO] [stdout] error[E0658]: use of unstable library feature 'lazy_cell'
[INFO] [stdout]   --> src/planner/rules/mod.rs:62:26
[INFO] [stdout]    |
[INFO] [stdout] 62 | pub static STAGE3_RULES: LazyLock<Vec<Rewrite>> = LazyLock::new(|| {
[INFO] [stdout]    |                          ^^^^^^^^^^^^^^^^^^^^^^
[INFO] [stdout]    |
[INFO] [stdout]    = note: see issue #109736 <https://github.com/rust-lang/rust/issues/109736> for more information
[INFO] [stdout]    = help: add `#![feature(lazy_cell)]` to the crate attributes to enable
[INFO] [stdout] 
[INFO] [stdout] 
[INFO] [stdout] error[E0658]: use of unstable library feature 'lazy_cell'
[INFO] [stdout]   --> src/planner/rules/mod.rs:62:51
[INFO] [stdout]    |
[INFO] [stdout] 62 | pub static STAGE3_RULES: LazyLock<Vec<Rewrite>> = LazyLock::new(|| {
[INFO] [stdout]    |                                                   ^^^^^^^^
[INFO] [stdout]    |
[INFO] [stdout]    = note: see issue #109736 <https://github.com/rust-lang/rust/issues/109736> for more information
[INFO] [stdout]    = help: add `#![feature(lazy_cell)]` to the crate attributes to enable
[INFO] [stdout] 
[INFO] [stdout] 
[INFO] [stdout] warning: the feature `once_cell` has been stable since 1.70.0 and no longer requires an attribute to enable
[INFO] [stdout]   --> src/lib.rs:21:12
[INFO] [stdout]    |
[INFO] [stdout] 21 | #![feature(once_cell)]
[INFO] [stdout]    |            ^^^^^^^^^
[INFO] [stdout]    |
[INFO] [stdout]    = note: `#[warn(stable_features)]` on by default
[INFO] [stdout] 
[INFO] [stdout] 
[INFO] [stdout] error[E0658]: use of unstable library feature 'lazy_cell'
[INFO] [stdout]   --> src/planner/rules/mod.rs:46:51
[INFO] [stdout]    |
[INFO] [stdout] 46 | pub static STAGE1_RULES: LazyLock<Vec<Rewrite>> = LazyLock::new(|| {
[INFO] [stdout]    |                                                   ^^^^^^^^^^^^^
[INFO] [stdout]    |
[INFO] [stdout]    = note: see issue #109736 <https://github.com/rust-lang/rust/issues/109736> for more information
[INFO] [stdout]    = help: add `#![feature(lazy_cell)]` to the crate attributes to enable
[INFO] [stdout] 
[INFO] [stdout] 
[INFO] [stdout] error[E0658]: use of unstable library feature 'lazy_cell'
[INFO] [stdout]   --> src/planner/rules/mod.rs:54:51
[INFO] [stdout]    |
[INFO] [stdout] 54 | pub static STAGE2_RULES: LazyLock<Vec<Rewrite>> = LazyLock::new(|| {
[INFO] [stdout]    |                                                   ^^^^^^^^^^^^^
[INFO] [stdout]    |
[INFO] [stdout]    = note: see issue #109736 <https://github.com/rust-lang/rust/issues/109736> for more information
[INFO] [stdout]    = help: add `#![feature(lazy_cell)]` to the crate attributes to enable
[INFO] [stdout] 
[INFO] [stdout] 
[INFO] [stdout] error[E0658]: use of unstable library feature 'lazy_cell'
[INFO] [stdout]   --> src/planner/rules/mod.rs:62:51
[INFO] [stdout]    |
[INFO] [stdout] 62 | pub static STAGE3_RULES: LazyLock<Vec<Rewrite>> = LazyLock::new(|| {
[INFO] [stdout]    |                                                   ^^^^^^^^^^^^^
[INFO] [stdout]    |
[INFO] [stdout]    = note: see issue #109736 <https://github.com/rust-lang/rust/issues/109736> for more information
[INFO] [stdout]    = help: add `#![feature(lazy_cell)]` to the crate attributes to enable
[INFO] [stdout] 
[INFO] [stdout] 
[INFO] [stdout] error[E0658]: use of unstable library feature 'lazy_cell'
[INFO] [stdout]   --> src/planner/rules/mod.rs:46:51
[INFO] [stdout]    |
[INFO] [stdout] 46 | pub static STAGE1_RULES: LazyLock<Vec<Rewrite>> = LazyLock::new(|| {
[INFO] [stdout]    |                                                   ^^^^^^^^^^^^^
[INFO] [stdout]    |
[INFO] [stdout]    = note: see issue #109736 <https://github.com/rust-lang/rust/issues/109736> for more information
[INFO] [stdout]    = help: add `#![feature(lazy_cell)]` to the crate attributes to enable
[INFO] [stdout] 
[INFO] [stdout] 
[INFO] [stdout] error[E0658]: use of unstable library feature 'lazy_cell'
[INFO] [stdout]   --> src/planner/rules/mod.rs:54:51
[INFO] [stdout]    |
[INFO] [stdout] 54 | pub static STAGE2_RULES: LazyLock<Vec<Rewrite>> = LazyLock::new(|| {
[INFO] [stdout]    |                                                   ^^^^^^^^^^^^^
[INFO] [stdout]    |
[INFO] [stdout]    = note: see issue #109736 <https://github.com/rust-lang/rust/issues/109736> for more information
[INFO] [stdout]    = help: add `#![feature(lazy_cell)]` to the crate attributes to enable
[INFO] [stdout] 
[INFO] [stdout] 
[INFO] [stdout] error[E0658]: use of unstable library feature 'lazy_cell'
[INFO] [stdout]   --> src/planner/rules/mod.rs:62:51
[INFO] [stdout]    |
[INFO] [stdout] 62 | pub static STAGE3_RULES: LazyLock<Vec<Rewrite>> = LazyLock::new(|| {
[INFO] [stdout]    |                                                   ^^^^^^^^^^^^^
[INFO] [stdout]    |
[INFO] [stdout]    = note: see issue #109736 <https://github.com/rust-lang/rust/issues/109736> for more information
[INFO] [stdout]    = help: add `#![feature(lazy_cell)]` to the crate attributes to enable
[INFO] [stdout] 
[INFO] [stdout] 
[INFO] [stdout] error: generator cannot be sent between threads safely
[INFO] [stdout]   --> src/executor_v2/copy_to_file.rs:17:5
[INFO] [stdout]    |
[INFO] [stdout] 17 |     #[try_stream(boxed, ok = DataChunk, error = ExecutorError)]
[INFO] [stdout]    |     ^^^^^^^^^^^^^^^^^^^^^^^^^^^^^^^^^^^^^^^^^^^^^^^^^^^^^^^^^^^ generator is not `Send`
[INFO] [stdout]    |
[INFO] [stdout]    = help: within `impl Stream<Item = std::result::Result<data_chunk::DataChunk, executor_v2::ExecutorError>> + FusedStream`, the trait `std::marker::Send` is not implemented for `*mut ()`
[INFO] [stdout] note: generator is not `Send` as this value is used across a yield
[INFO] [stdout]   --> src/executor_v2/copy_to_file.rs:17:5
[INFO] [stdout]    |
[INFO] [stdout] 17 |     #[try_stream(boxed, ok = DataChunk, error = ExecutorError)]
[INFO] [stdout]    |     ^^^^^^^^^^^^^^^^^^^^^^^^^^^^^^^^^^^^^^^^^^^^^^^^^^^^^^^^^^-
[INFO] [stdout]    |     |                                                         |
[INFO] [stdout]    |     |                                                         `#[try_stream(boxed, ok = DataChunk, error = ExecutorError)]` is later dropped here
[INFO] [stdout]    |     yield occurs here, with `#[try_stream(boxed, ok = DataChunk, error = ExecutorError)]` maybe used later
[INFO] [stdout]    |     has type `&mut std::task::Context<'_>` which is not `Send`
[INFO] [stdout]    = note: required for the cast from `Pin<Box<impl Stream<Item = std::result::Result<data_chunk::DataChunk, executor_v2::ExecutorError>> + FusedStream>>` to `Pin<Box<(dyn Stream<Item = std::result::Result<data_chunk::DataChunk, executor_v2::ExecutorError>> + std::marker::Send + 'static)>>`
[INFO] [stdout]    = note: this error originates in the attribute macro `try_stream` (in Nightly builds, run with -Z macro-backtrace for more info)
[INFO] [stdout] 
[INFO] [stdout] 
[INFO] [stdout] error: generator cannot be sent between threads safely
[INFO] [stdout]   --> src/executor_v2/delete.rs:19:5
[INFO] [stdout]    |
[INFO] [stdout] 19 |     #[try_stream(boxed, ok = DataChunk, error = ExecutorError)]
[INFO] [stdout]    |     ^^^^^^^^^^^^^^^^^^^^^^^^^^^^^^^^^^^^^^^^^^^^^^^^^^^^^^^^^^^ generator is not `Send`
[INFO] [stdout]    |
[INFO] [stdout]    = help: within `impl Stream<Item = std::result::Result<data_chunk::DataChunk, executor_v2::ExecutorError>> + FusedStream`, the trait `std::marker::Send` is not implemented for `*mut ()`
[INFO] [stdout] note: generator is not `Send` as this value is used across a yield
[INFO] [stdout]   --> src/executor_v2/delete.rs:19:5
[INFO] [stdout]    |
[INFO] [stdout] 19 |     #[try_stream(boxed, ok = DataChunk, error = ExecutorError)]
[INFO] [stdout]    |     ^^^^^^^^^^^^^^^^^^^^^^^^^^^^^^^^^^^^^^^^^^^^^^^^^^^^^^^^^^-
[INFO] [stdout]    |     |                                                         |
[INFO] [stdout]    |     |                                                         `#[try_stream(boxed, ok = DataChunk, error = ExecutorError)]` is later dropped here
[INFO] [stdout]    |     yield occurs here, with `#[try_stream(boxed, ok = DataChunk, error = ExecutorError)]` maybe used later
[INFO] [stdout]    |     has type `&mut std::task::Context<'_>` which is not `Send`
[INFO] [stdout]    = note: required for the cast from `Pin<Box<impl Stream<Item = std::result::Result<data_chunk::DataChunk, executor_v2::ExecutorError>> + FusedStream>>` to `Pin<Box<(dyn Stream<Item = std::result::Result<data_chunk::DataChunk, executor_v2::ExecutorError>> + std::marker::Send + 'static)>>`
[INFO] [stdout]    = note: this error originates in the attribute macro `try_stream` (in Nightly builds, run with -Z macro-backtrace for more info)
[INFO] [stdout] 
[INFO] [stdout] 
[INFO] [stdout] error: generator cannot be sent between threads safely
[INFO] [stdout]   --> src/executor_v2/filter.rs:12:5
[INFO] [stdout]    |
[INFO] [stdout] 12 |     #[try_stream(boxed, ok = DataChunk, error = ExecutorError)]
[INFO] [stdout]    |     ^^^^^^^^^^^^^^^^^^^^^^^^^^^^^^^^^^^^^^^^^^^^^^^^^^^^^^^^^^^ generator is not `Send`
[INFO] [stdout]    |
[INFO] [stdout]    = help: within `impl Stream<Item = std::result::Result<data_chunk::DataChunk, executor_v2::ExecutorError>> + FusedStream`, the trait `std::marker::Send` is not implemented for `*mut ()`
[INFO] [stdout] note: generator is not `Send` as this value is used across a yield
[INFO] [stdout]   --> src/executor_v2/filter.rs:12:5
[INFO] [stdout]    |
[INFO] [stdout] 12 |     #[try_stream(boxed, ok = DataChunk, error = ExecutorError)]
[INFO] [stdout]    |     ^^^^^^^^^^^^^^^^^^^^^^^^^^^^^^^^^^^^^^^^^^^^^^^^^^^^^^^^^^-
[INFO] [stdout]    |     |                                                         |
[INFO] [stdout]    |     |                                                         `#[try_stream(boxed, ok = DataChunk, error = ExecutorError)]` is later dropped here
[INFO] [stdout]    |     yield occurs here, with `#[try_stream(boxed, ok = DataChunk, error = ExecutorError)]` maybe used later
[INFO] [stdout]    |     has type `&mut std::task::Context<'_>` which is not `Send`
[INFO] [stdout]    = note: required for the cast from `Pin<Box<impl Stream<Item = std::result::Result<data_chunk::DataChunk, executor_v2::ExecutorError>> + FusedStream>>` to `Pin<Box<(dyn Stream<Item = std::result::Result<data_chunk::DataChunk, executor_v2::ExecutorError>> + std::marker::Send + 'static)>>`
[INFO] [stdout]    = note: this error originates in the attribute macro `try_stream` (in Nightly builds, run with -Z macro-backtrace for more info)
[INFO] [stdout] 
[INFO] [stdout] 
[INFO] [stdout] error: generator cannot be sent between threads safely
[INFO] [stdout]   --> src/executor_v2/hash_agg.rs:23:5
[INFO] [stdout]    |
[INFO] [stdout] 23 |     #[try_stream(boxed, ok = DataChunk, error = ExecutorError)]
[INFO] [stdout]    |     ^^^^^^^^^^^^^^^^^^^^^^^^^^^^^^^^^^^^^^^^^^^^^^^^^^^^^^^^^^^ generator is not `Send`
[INFO] [stdout]    |
[INFO] [stdout]    = help: within `impl Stream<Item = std::result::Result<data_chunk::DataChunk, executor_v2::ExecutorError>> + FusedStream`, the trait `std::marker::Send` is not implemented for `*mut ()`
[INFO] [stdout] note: generator is not `Send` as this value is used across a yield
[INFO] [stdout]   --> src/executor_v2/hash_agg.rs:23:5
[INFO] [stdout]    |
[INFO] [stdout] 23 |     #[try_stream(boxed, ok = DataChunk, error = ExecutorError)]
[INFO] [stdout]    |     ^^^^^^^^^^^^^^^^^^^^^^^^^^^^^^^^^^^^^^^^^^^^^^^^^^^^^^^^^^-
[INFO] [stdout]    |     |                                                         |
[INFO] [stdout]    |     |                                                         `#[try_stream(boxed, ok = DataChunk, error = ExecutorError)]` is later dropped here
[INFO] [stdout]    |     yield occurs here, with `#[try_stream(boxed, ok = DataChunk, error = ExecutorError)]` maybe used later
[INFO] [stdout]    |     has type `&mut std::task::Context<'_>` which is not `Send`
[INFO] [stdout]    = note: required for the cast from `Pin<Box<impl Stream<Item = std::result::Result<data_chunk::DataChunk, executor_v2::ExecutorError>> + FusedStream>>` to `Pin<Box<(dyn Stream<Item = std::result::Result<data_chunk::DataChunk, executor_v2::ExecutorError>> + std::marker::Send + 'static)>>`
[INFO] [stdout]    = note: this error originates in the attribute macro `try_stream` (in Nightly builds, run with -Z macro-backtrace for more info)
[INFO] [stdout] 
[INFO] [stdout] 
[INFO] [stdout] error: generator cannot be sent between threads safely
[INFO] [stdout]   --> src/executor_v2/insert.rs:19:5
[INFO] [stdout]    |
[INFO] [stdout] 19 |     #[try_stream(boxed, ok = DataChunk, error = ExecutorError)]
[INFO] [stdout]    |     ^^^^^^^^^^^^^^^^^^^^^^^^^^^^^^^^^^^^^^^^^^^^^^^^^^^^^^^^^^^ generator is not `Send`
[INFO] [stdout]    |
[INFO] [stdout]    = help: within `impl Stream<Item = std::result::Result<data_chunk::DataChunk, executor_v2::ExecutorError>> + FusedStream`, the trait `std::marker::Send` is not implemented for `*mut ()`
[INFO] [stdout] note: generator is not `Send` as this value is used across a yield
[INFO] [stdout]   --> src/executor_v2/insert.rs:19:5
[INFO] [stdout]    |
[INFO] [stdout] 19 |     #[try_stream(boxed, ok = DataChunk, error = ExecutorError)]
[INFO] [stdout]    |     ^^^^^^^^^^^^^^^^^^^^^^^^^^^^^^^^^^^^^^^^^^^^^^^^^^^^^^^^^^-
[INFO] [stdout]    |     |                                                         |
[INFO] [stdout]    |     |                                                         `#[try_stream(boxed, ok = DataChunk, error = ExecutorError)]` is later dropped here
[INFO] [stdout]    |     yield occurs here, with `#[try_stream(boxed, ok = DataChunk, error = ExecutorError)]` maybe used later
[INFO] [stdout]    |     has type `&mut std::task::Context<'_>` which is not `Send`
[INFO] [stdout]    = note: required for the cast from `Pin<Box<impl Stream<Item = std::result::Result<data_chunk::DataChunk, executor_v2::ExecutorError>> + FusedStream>>` to `Pin<Box<(dyn Stream<Item = std::result::Result<data_chunk::DataChunk, executor_v2::ExecutorError>> + std::marker::Send + 'static)>>`
[INFO] [stdout]    = note: this error originates in the attribute macro `try_stream` (in Nightly builds, run with -Z macro-backtrace for more info)
[INFO] [stdout] 
[INFO] [stdout] 
[INFO] [stdout] error: generator cannot be sent between threads safely
[INFO] [stdout]   --> src/executor_v2/limit.rs:13:5
[INFO] [stdout]    |
[INFO] [stdout] 13 |     #[try_stream(boxed, ok = DataChunk, error = ExecutorError)]
[INFO] [stdout]    |     ^^^^^^^^^^^^^^^^^^^^^^^^^^^^^^^^^^^^^^^^^^^^^^^^^^^^^^^^^^^ generator is not `Send`
[INFO] [stdout]    |
[INFO] [stdout]    = help: within `impl Stream<Item = std::result::Result<data_chunk::DataChunk, executor_v2::ExecutorError>> + FusedStream`, the trait `std::marker::Send` is not implemented for `*mut ()`
[INFO] [stdout] note: generator is not `Send` as this value is used across a yield
[INFO] [stdout]   --> src/executor_v2/limit.rs:13:5
[INFO] [stdout]    |
[INFO] [stdout] 13 |     #[try_stream(boxed, ok = DataChunk, error = ExecutorError)]
[INFO] [stdout]    |     ^^^^^^^^^^^^^^^^^^^^^^^^^^^^^^^^^^^^^^^^^^^^^^^^^^^^^^^^^^-
[INFO] [stdout]    |     |                                                         |
[INFO] [stdout]    |     |                                                         `#[try_stream(boxed, ok = DataChunk, error = ExecutorError)]` is later dropped here
[INFO] [stdout]    |     yield occurs here, with `#[try_stream(boxed, ok = DataChunk, error = ExecutorError)]` maybe used later
[INFO] [stdout]    |     has type `&mut std::task::Context<'_>` which is not `Send`
[INFO] [stdout]    = note: required for the cast from `Pin<Box<impl Stream<Item = std::result::Result<data_chunk::DataChunk, executor_v2::ExecutorError>> + FusedStream>>` to `Pin<Box<(dyn Stream<Item = std::result::Result<data_chunk::DataChunk, executor_v2::ExecutorError>> + std::marker::Send + 'static)>>`
[INFO] [stdout]    = note: this error originates in the attribute macro `try_stream` (in Nightly builds, run with -Z macro-backtrace for more info)
[INFO] [stdout] 
[INFO] [stdout] 
[INFO] [stdout] error: generator cannot be sent between threads safely
[INFO] [stdout]   --> src/executor_v2/order.rs:19:5
[INFO] [stdout]    |
[INFO] [stdout] 19 |     #[try_stream(boxed, ok = DataChunk, error = ExecutorError)]
[INFO] [stdout]    |     ^^^^^^^^^^^^^^^^^^^^^^^^^^^^^^^^^^^^^^^^^^^^^^^^^^^^^^^^^^^ generator is not `Send`
[INFO] [stdout]    |
[INFO] [stdout]    = help: within `impl Stream<Item = std::result::Result<data_chunk::DataChunk, executor_v2::ExecutorError>> + FusedStream`, the trait `std::marker::Send` is not implemented for `*mut ()`
[INFO] [stdout] note: generator is not `Send` as this value is used across a yield
[INFO] [stdout]   --> src/executor_v2/order.rs:19:5
[INFO] [stdout]    |
[INFO] [stdout] 19 |     #[try_stream(boxed, ok = DataChunk, error = ExecutorError)]
[INFO] [stdout]    |     ^^^^^^^^^^^^^^^^^^^^^^^^^^^^^^^^^^^^^^^^^^^^^^^^^^^^^^^^^^-
[INFO] [stdout]    |     |                                                         |
[INFO] [stdout]    |     |                                                         `#[try_stream(boxed, ok = DataChunk, error = ExecutorError)]` is later dropped here
[INFO] [stdout]    |     yield occurs here, with `#[try_stream(boxed, ok = DataChunk, error = ExecutorError)]` maybe used later
[INFO] [stdout]    |     has type `&mut std::task::Context<'_>` which is not `Send`
[INFO] [stdout]    = note: required for the cast from `Pin<Box<impl Stream<Item = std::result::Result<data_chunk::DataChunk, executor_v2::ExecutorError>> + FusedStream>>` to `Pin<Box<(dyn Stream<Item = std::result::Result<data_chunk::DataChunk, executor_v2::ExecutorError>> + std::marker::Send + 'static)>>`
[INFO] [stdout]    = note: this error originates in the attribute macro `try_stream` (in Nightly builds, run with -Z macro-backtrace for more info)
[INFO] [stdout] 
[INFO] [stdout] 
[INFO] [stdout] error: generator cannot be sent between threads safely
[INFO] [stdout]   --> src/executor_v2/projection.rs:15:5
[INFO] [stdout]    |
[INFO] [stdout] 15 |     #[try_stream(boxed, ok = DataChunk, error = ExecutorError)]
[INFO] [stdout]    |     ^^^^^^^^^^^^^^^^^^^^^^^^^^^^^^^^^^^^^^^^^^^^^^^^^^^^^^^^^^^ generator is not `Send`
[INFO] [stdout]    |
[INFO] [stdout]    = help: within `impl Stream<Item = std::result::Result<data_chunk::DataChunk, executor_v2::ExecutorError>> + FusedStream`, the trait `std::marker::Send` is not implemented for `*mut ()`
[INFO] [stdout] note: generator is not `Send` as this value is used across a yield
[INFO] [stdout]   --> src/executor_v2/projection.rs:15:5
[INFO] [stdout]    |
[INFO] [stdout] 15 |     #[try_stream(boxed, ok = DataChunk, error = ExecutorError)]
[INFO] [stdout]    |     ^^^^^^^^^^^^^^^^^^^^^^^^^^^^^^^^^^^^^^^^^^^^^^^^^^^^^^^^^^-
[INFO] [stdout]    |     |                                                         |
[INFO] [stdout]    |     |                                                         `#[try_stream(boxed, ok = DataChunk, error = ExecutorError)]` is later dropped here
[INFO] [stdout]    |     yield occurs here, with `#[try_stream(boxed, ok = DataChunk, error = ExecutorError)]` maybe used later
[INFO] [stdout]    |     has type `&mut std::task::Context<'_>` which is not `Send`
[INFO] [stdout]    = note: required for the cast from `Pin<Box<impl Stream<Item = std::result::Result<data_chunk::DataChunk, executor_v2::ExecutorError>> + FusedStream>>` to `Pin<Box<(dyn Stream<Item = std::result::Result<data_chunk::DataChunk, executor_v2::ExecutorError>> + std::marker::Send + 'static)>>`
[INFO] [stdout]    = note: this error originates in the attribute macro `try_stream` (in Nightly builds, run with -Z macro-backtrace for more info)
[INFO] [stdout] 
[INFO] [stdout] 
[INFO] [stdout] error: generator cannot be sent between threads safely
[INFO] [stdout]   --> src/executor_v2/simple_agg.rs:15:5
[INFO] [stdout]    |
[INFO] [stdout] 15 |     #[try_stream(boxed, ok = DataChunk, error = ExecutorError)]
[INFO] [stdout]    |     ^^^^^^^^^^^^^^^^^^^^^^^^^^^^^^^^^^^^^^^^^^^^^^^^^^^^^^^^^^^ generator is not `Send`
[INFO] [stdout]    |
[INFO] [stdout]    = help: within `impl Stream<Item = std::result::Result<data_chunk::DataChunk, executor_v2::ExecutorError>> + FusedStream`, the trait `std::marker::Send` is not implemented for `*mut ()`
[INFO] [stdout] note: generator is not `Send` as this value is used across a yield
[INFO] [stdout]   --> src/executor_v2/simple_agg.rs:15:5
[INFO] [stdout]    |
[INFO] [stdout] 15 |     #[try_stream(boxed, ok = DataChunk, error = ExecutorError)]
[INFO] [stdout]    |     ^^^^^^^^^^^^^^^^^^^^^^^^^^^^^^^^^^^^^^^^^^^^^^^^^^^^^^^^^^-
[INFO] [stdout]    |     |                                                         |
[INFO] [stdout]    |     |                                                         `#[try_stream(boxed, ok = DataChunk, error = ExecutorError)]` is later dropped here
[INFO] [stdout]    |     yield occurs here, with `#[try_stream(boxed, ok = DataChunk, error = ExecutorError)]` maybe used later
[INFO] [stdout]    |     has type `&mut std::task::Context<'_>` which is not `Send`
[INFO] [stdout]    = note: required for the cast from `Pin<Box<impl Stream<Item = std::result::Result<data_chunk::DataChunk, executor_v2::ExecutorError>> + FusedStream>>` to `Pin<Box<(dyn Stream<Item = std::result::Result<data_chunk::DataChunk, executor_v2::ExecutorError>> + std::marker::Send + 'static)>>`
[INFO] [stdout]    = note: this error originates in the attribute macro `try_stream` (in Nightly builds, run with -Z macro-backtrace for more info)
[INFO] [stdout] 
[INFO] [stdout] 
[INFO] [stdout] error: generator cannot be sent between threads safely
[INFO] [stdout]   --> src/executor_v2/top_n.rs:23:5
[INFO] [stdout]    |
[INFO] [stdout] 23 |     #[try_stream(boxed, ok = DataChunk, error = ExecutorError)]
[INFO] [stdout]    |     ^^^^^^^^^^^^^^^^^^^^^^^^^^^^^^^^^^^^^^^^^^^^^^^^^^^^^^^^^^^ generator is not `Send`
[INFO] [stdout]    |
[INFO] [stdout]    = help: within `impl Stream<Item = std::result::Result<data_chunk::DataChunk, executor_v2::ExecutorError>> + FusedStream`, the trait `std::marker::Send` is not implemented for `*mut ()`
[INFO] [stdout] note: generator is not `Send` as this value is used across a yield
[INFO] [stdout]   --> src/executor_v2/top_n.rs:23:5
[INFO] [stdout]    |
[INFO] [stdout] 23 |     #[try_stream(boxed, ok = DataChunk, error = ExecutorError)]
[INFO] [stdout]    |     ^^^^^^^^^^^^^^^^^^^^^^^^^^^^^^^^^^^^^^^^^^^^^^^^^^^^^^^^^^-
[INFO] [stdout]    |     |                                                         |
[INFO] [stdout]    |     |                                                         `#[try_stream(boxed, ok = DataChunk, error = ExecutorError)]` is later dropped here
[INFO] [stdout]    |     yield occurs here, with `#[try_stream(boxed, ok = DataChunk, error = ExecutorError)]` maybe used later
[INFO] [stdout]    |     has type `&mut std::task::Context<'_>` which is not `Send`
[INFO] [stdout]    = note: required for the cast from `Pin<Box<impl Stream<Item = std::result::Result<data_chunk::DataChunk, executor_v2::ExecutorError>> + FusedStream>>` to `Pin<Box<(dyn Stream<Item = std::result::Result<data_chunk::DataChunk, executor_v2::ExecutorError>> + std::marker::Send + 'static)>>`
[INFO] [stdout]    = note: this error originates in the attribute macro `try_stream` (in Nightly builds, run with -Z macro-backtrace for more info)
[INFO] [stdout] 
[INFO] [stdout] 
[INFO] [stdout] error: generator cannot be sent between threads safely
[INFO] [stdout]   --> src/executor_v2/copy_to_file.rs:17:5
[INFO] [stdout]    |
[INFO] [stdout] 17 |     #[try_stream(boxed, ok = DataChunk, error = ExecutorError)]
[INFO] [stdout]    |     ^^^^^^^^^^^^^^^^^^^^^^^^^^^^^^^^^^^^^^^^^^^^^^^^^^^^^^^^^^^ generator is not `Send`
[INFO] [stdout]    |
[INFO] [stdout]    = help: within `impl Stream<Item = std::result::Result<data_chunk::DataChunk, executor_v2::ExecutorError>> + FusedStream`, the trait `std::marker::Send` is not implemented for `*mut ()`
[INFO] [stdout] note: generator is not `Send` as this value is used across a yield
[INFO] [stdout]   --> src/executor_v2/copy_to_file.rs:17:5
[INFO] [stdout]    |
[INFO] [stdout] 17 |     #[try_stream(boxed, ok = DataChunk, error = ExecutorError)]
[INFO] [stdout]    |     ^^^^^^^^^^^^^^^^^^^^^^^^^^^^^^^^^^^^^^^^^^^^^^^^^^^^^^^^^^-
[INFO] [stdout]    |     |                                                         |
[INFO] [stdout]    |     |                                                         `#[try_stream(boxed, ok = DataChunk, error = ExecutorError)]` is later dropped here
[INFO] [stdout]    |     yield occurs here, with `#[try_stream(boxed, ok = DataChunk, error = ExecutorError)]` maybe used later
[INFO] [stdout]    |     has type `&mut std::task::Context<'_>` which is not `Send`
[INFO] [stdout]    = note: required for the cast from `Pin<Box<impl Stream<Item = std::result::Result<data_chunk::DataChunk, executor_v2::ExecutorError>> + FusedStream>>` to `Pin<Box<(dyn Stream<Item = std::result::Result<data_chunk::DataChunk, executor_v2::ExecutorError>> + std::marker::Send + 'static)>>`
[INFO] [stdout]    = note: this error originates in the attribute macro `try_stream` (in Nightly builds, run with -Z macro-backtrace for more info)
[INFO] [stdout] 
[INFO] [stdout] 
[INFO] [stdout] error: generator cannot be sent between threads safely
[INFO] [stdout]   --> src/executor_v2/delete.rs:19:5
[INFO] [stdout]    |
[INFO] [stdout] 19 |     #[try_stream(boxed, ok = DataChunk, error = ExecutorError)]
[INFO] [stdout]    |     ^^^^^^^^^^^^^^^^^^^^^^^^^^^^^^^^^^^^^^^^^^^^^^^^^^^^^^^^^^^ generator is not `Send`
[INFO] [stdout]    |
[INFO] [stdout]    = help: within `impl Stream<Item = std::result::Result<data_chunk::DataChunk, executor_v2::ExecutorError>> + FusedStream`, the trait `std::marker::Send` is not implemented for `*mut ()`
[INFO] [stdout] note: generator is not `Send` as this value is used across a yield
[INFO] [stdout]   --> src/executor_v2/delete.rs:19:5
[INFO] [stdout]    |
[INFO] [stdout] 19 |     #[try_stream(boxed, ok = DataChunk, error = ExecutorError)]
[INFO] [stdout]    |     ^^^^^^^^^^^^^^^^^^^^^^^^^^^^^^^^^^^^^^^^^^^^^^^^^^^^^^^^^^-
[INFO] [stdout]    |     |                                                         |
[INFO] [stdout]    |     |                                                         `#[try_stream(boxed, ok = DataChunk, error = ExecutorError)]` is later dropped here
[INFO] [stdout]    |     yield occurs here, with `#[try_stream(boxed, ok = DataChunk, error = ExecutorError)]` maybe used later
[INFO] [stdout]    |     has type `&mut std::task::Context<'_>` which is not `Send`
[INFO] [stdout]    = note: required for the cast from `Pin<Box<impl Stream<Item = std::result::Result<data_chunk::DataChunk, executor_v2::ExecutorError>> + FusedStream>>` to `Pin<Box<(dyn Stream<Item = std::result::Result<data_chunk::DataChunk, executor_v2::ExecutorError>> + std::marker::Send + 'static)>>`
[INFO] [stdout]    = note: this error originates in the attribute macro `try_stream` (in Nightly builds, run with -Z macro-backtrace for more info)
[INFO] [stdout] 
[INFO] [stdout] 
[INFO] [stdout] error: generator cannot be sent between threads safely
[INFO] [stdout]   --> src/executor_v2/filter.rs:12:5
[INFO] [stdout]    |
[INFO] [stdout] 12 |     #[try_stream(boxed, ok = DataChunk, error = ExecutorError)]
[INFO] [stdout]    |     ^^^^^^^^^^^^^^^^^^^^^^^^^^^^^^^^^^^^^^^^^^^^^^^^^^^^^^^^^^^ generator is not `Send`
[INFO] [stdout]    |
[INFO] [stdout]    = help: within `impl Stream<Item = std::result::Result<data_chunk::DataChunk, executor_v2::ExecutorError>> + FusedStream`, the trait `std::marker::Send` is not implemented for `*mut ()`
[INFO] [stdout] note: generator is not `Send` as this value is used across a yield
[INFO] [stdout]   --> src/executor_v2/filter.rs:12:5
[INFO] [stdout]    |
[INFO] [stdout] 12 |     #[try_stream(boxed, ok = DataChunk, error = ExecutorError)]
[INFO] [stdout]    |     ^^^^^^^^^^^^^^^^^^^^^^^^^^^^^^^^^^^^^^^^^^^^^^^^^^^^^^^^^^-
[INFO] [stdout]    |     |                                                         |
[INFO] [stdout]    |     |                                                         `#[try_stream(boxed, ok = DataChunk, error = ExecutorError)]` is later dropped here
[INFO] [stdout]    |     yield occurs here, with `#[try_stream(boxed, ok = DataChunk, error = ExecutorError)]` maybe used later
[INFO] [stdout]    |     has type `&mut std::task::Context<'_>` which is not `Send`
[INFO] [stdout]    = note: required for the cast from `Pin<Box<impl Stream<Item = std::result::Result<data_chunk::DataChunk, executor_v2::ExecutorError>> + FusedStream>>` to `Pin<Box<(dyn Stream<Item = std::result::Result<data_chunk::DataChunk, executor_v2::ExecutorError>> + std::marker::Send + 'static)>>`
[INFO] [stdout]    = note: this error originates in the attribute macro `try_stream` (in Nightly builds, run with -Z macro-backtrace for more info)
[INFO] [stdout] 
[INFO] [stdout] 
[INFO] [stdout] error: generator cannot be sent between threads safely
[INFO] [stdout]   --> src/executor_v2/hash_agg.rs:23:5
[INFO] [stdout]    |
[INFO] [stdout] 23 |     #[try_stream(boxed, ok = DataChunk, error = ExecutorError)]
[INFO] [stdout]    |     ^^^^^^^^^^^^^^^^^^^^^^^^^^^^^^^^^^^^^^^^^^^^^^^^^^^^^^^^^^^ generator is not `Send`
[INFO] [stdout]    |
[INFO] [stdout]    = help: within `impl Stream<Item = std::result::Result<data_chunk::DataChunk, executor_v2::ExecutorError>> + FusedStream`, the trait `std::marker::Send` is not implemented for `*mut ()`
[INFO] [stdout] note: generator is not `Send` as this value is used across a yield
[INFO] [stdout]   --> src/executor_v2/hash_agg.rs:23:5
[INFO] [stdout]    |
[INFO] [stdout] 23 |     #[try_stream(boxed, ok = DataChunk, error = ExecutorError)]
[INFO] [stdout]    |     ^^^^^^^^^^^^^^^^^^^^^^^^^^^^^^^^^^^^^^^^^^^^^^^^^^^^^^^^^^-
[INFO] [stdout]    |     |                                                         |
[INFO] [stdout]    |     |                                                         `#[try_stream(boxed, ok = DataChunk, error = ExecutorError)]` is later dropped here
[INFO] [stdout]    |     yield occurs here, with `#[try_stream(boxed, ok = DataChunk, error = ExecutorError)]` maybe used later
[INFO] [stdout]    |     has type `&mut std::task::Context<'_>` which is not `Send`
[INFO] [stdout]    = note: required for the cast from `Pin<Box<impl Stream<Item = std::result::Result<data_chunk::DataChunk, executor_v2::ExecutorError>> + FusedStream>>` to `Pin<Box<(dyn Stream<Item = std::result::Result<data_chunk::DataChunk, executor_v2::ExecutorError>> + std::marker::Send + 'static)>>`
[INFO] [stdout]    = note: this error originates in the attribute macro `try_stream` (in Nightly builds, run with -Z macro-backtrace for more info)
[INFO] [stdout] 
[INFO] [stdout] 
[INFO] [stdout] error: generator cannot be sent between threads safely
[INFO] [stdout]   --> src/executor_v2/insert.rs:19:5
[INFO] [stdout]    |
[INFO] [stdout] 19 |     #[try_stream(boxed, ok = DataChunk, error = ExecutorError)]
[INFO] [stdout]    |     ^^^^^^^^^^^^^^^^^^^^^^^^^^^^^^^^^^^^^^^^^^^^^^^^^^^^^^^^^^^ generator is not `Send`
[INFO] [stdout]    |
[INFO] [stdout]    = help: within `impl Stream<Item = std::result::Result<data_chunk::DataChunk, executor_v2::ExecutorError>> + FusedStream`, the trait `std::marker::Send` is not implemented for `*mut ()`
[INFO] [stdout] note: generator is not `Send` as this value is used across a yield
[INFO] [stdout]   --> src/executor_v2/insert.rs:19:5
[INFO] [stdout]    |
[INFO] [stdout] 19 |     #[try_stream(boxed, ok = DataChunk, error = ExecutorError)]
[INFO] [stdout]    |     ^^^^^^^^^^^^^^^^^^^^^^^^^^^^^^^^^^^^^^^^^^^^^^^^^^^^^^^^^^-
[INFO] [stdout]    |     |                                                         |
[INFO] [stdout]    |     |                                                         `#[try_stream(boxed, ok = DataChunk, error = ExecutorError)]` is later dropped here
[INFO] [stdout]    |     yield occurs here, with `#[try_stream(boxed, ok = DataChunk, error = ExecutorError)]` maybe used later
[INFO] [stdout]    |     has type `&mut std::task::Context<'_>` which is not `Send`
[INFO] [stdout]    = note: required for the cast from `Pin<Box<impl Stream<Item = std::result::Result<data_chunk::DataChunk, executor_v2::ExecutorError>> + FusedStream>>` to `Pin<Box<(dyn Stream<Item = std::result::Result<data_chunk::DataChunk, executor_v2::ExecutorError>> + std::marker::Send + 'static)>>`
[INFO] [stdout]    = note: this error originates in the attribute macro `try_stream` (in Nightly builds, run with -Z macro-backtrace for more info)
[INFO] [stdout] 
[INFO] [stdout] 
[INFO] [stdout] error: generator cannot be sent between threads safely
[INFO] [stdout]   --> src/executor_v2/limit.rs:13:5
[INFO] [stdout]    |
[INFO] [stdout] 13 |     #[try_stream(boxed, ok = DataChunk, error = ExecutorError)]
[INFO] [stdout]    |     ^^^^^^^^^^^^^^^^^^^^^^^^^^^^^^^^^^^^^^^^^^^^^^^^^^^^^^^^^^^ generator is not `Send`
[INFO] [stdout]    |
[INFO] [stdout]    = help: within `impl Stream<Item = std::result::Result<data_chunk::DataChunk, executor_v2::ExecutorError>> + FusedStream`, the trait `std::marker::Send` is not implemented for `*mut ()`
[INFO] [stdout] note: generator is not `Send` as this value is used across a yield
[INFO] [stdout]   --> src/executor_v2/limit.rs:13:5
[INFO] [stdout]    |
[INFO] [stdout] 13 |     #[try_stream(boxed, ok = DataChunk, error = ExecutorError)]
[INFO] [stdout]    |     ^^^^^^^^^^^^^^^^^^^^^^^^^^^^^^^^^^^^^^^^^^^^^^^^^^^^^^^^^^-
[INFO] [stdout]    |     |                                                         |
[INFO] [stdout]    |     |                                                         `#[try_stream(boxed, ok = DataChunk, error = ExecutorError)]` is later dropped here
[INFO] [stdout]    |     yield occurs here, with `#[try_stream(boxed, ok = DataChunk, error = ExecutorError)]` maybe used later
[INFO] [stdout]    |     has type `&mut std::task::Context<'_>` which is not `Send`
[INFO] [stdout]    = note: required for the cast from `Pin<Box<impl Stream<Item = std::result::Result<data_chunk::DataChunk, executor_v2::ExecutorError>> + FusedStream>>` to `Pin<Box<(dyn Stream<Item = std::result::Result<data_chunk::DataChunk, executor_v2::ExecutorError>> + std::marker::Send + 'static)>>`
[INFO] [stdout]    = note: this error originates in the attribute macro `try_stream` (in Nightly builds, run with -Z macro-backtrace for more info)
[INFO] [stdout] 
[INFO] [stdout] 
[INFO] [stdout] error: generator cannot be sent between threads safely
[INFO] [stdout]   --> src/executor_v2/order.rs:19:5
[INFO] [stdout]    |
[INFO] [stdout] 19 |     #[try_stream(boxed, ok = DataChunk, error = ExecutorError)]
[INFO] [stdout]    |     ^^^^^^^^^^^^^^^^^^^^^^^^^^^^^^^^^^^^^^^^^^^^^^^^^^^^^^^^^^^ generator is not `Send`
[INFO] [stdout]    |
[INFO] [stdout]    = help: within `impl Stream<Item = std::result::Result<data_chunk::DataChunk, executor_v2::ExecutorError>> + FusedStream`, the trait `std::marker::Send` is not implemented for `*mut ()`
[INFO] [stdout] note: generator is not `Send` as this value is used across a yield
[INFO] [stdout]   --> src/executor_v2/order.rs:19:5
[INFO] [stdout]    |
[INFO] [stdout] 19 |     #[try_stream(boxed, ok = DataChunk, error = ExecutorError)]
[INFO] [stdout]    |     ^^^^^^^^^^^^^^^^^^^^^^^^^^^^^^^^^^^^^^^^^^^^^^^^^^^^^^^^^^-
[INFO] [stdout]    |     |                                                         |
[INFO] [stdout]    |     |                                                         `#[try_stream(boxed, ok = DataChunk, error = ExecutorError)]` is later dropped here
[INFO] [stdout]    |     yield occurs here, with `#[try_stream(boxed, ok = DataChunk, error = ExecutorError)]` maybe used later
[INFO] [stdout]    |     has type `&mut std::task::Context<'_>` which is not `Send`
[INFO] [stdout]    = note: required for the cast from `Pin<Box<impl Stream<Item = std::result::Result<data_chunk::DataChunk, executor_v2::ExecutorError>> + FusedStream>>` to `Pin<Box<(dyn Stream<Item = std::result::Result<data_chunk::DataChunk, executor_v2::ExecutorError>> + std::marker::Send + 'static)>>`
[INFO] [stdout]    = note: this error originates in the attribute macro `try_stream` (in Nightly builds, run with -Z macro-backtrace for more info)
[INFO] [stdout] 
[INFO] [stdout] 
[INFO] [stdout] error: generator cannot be sent between threads safely
[INFO] [stdout]   --> src/executor_v2/projection.rs:15:5
[INFO] [stdout]    |
[INFO] [stdout] 15 |     #[try_stream(boxed, ok = DataChunk, error = ExecutorError)]
[INFO] [stdout]    |     ^^^^^^^^^^^^^^^^^^^^^^^^^^^^^^^^^^^^^^^^^^^^^^^^^^^^^^^^^^^ generator is not `Send`
[INFO] [stdout]    |
[INFO] [stdout]    = help: within `impl Stream<Item = std::result::Result<data_chunk::DataChunk, executor_v2::ExecutorError>> + FusedStream`, the trait `std::marker::Send` is not implemented for `*mut ()`
[INFO] [stdout] note: generator is not `Send` as this value is used across a yield
[INFO] [stdout]   --> src/executor_v2/projection.rs:15:5
[INFO] [stdout]    |
[INFO] [stdout] 15 |     #[try_stream(boxed, ok = DataChunk, error = ExecutorError)]
[INFO] [stdout]    |     ^^^^^^^^^^^^^^^^^^^^^^^^^^^^^^^^^^^^^^^^^^^^^^^^^^^^^^^^^^-
[INFO] [stdout]    |     |                                                         |
[INFO] [stdout]    |     |                                                         `#[try_stream(boxed, ok = DataChunk, error = ExecutorError)]` is later dropped here
[INFO] [stdout]    |     yield occurs here, with `#[try_stream(boxed, ok = DataChunk, error = ExecutorError)]` maybe used later
[INFO] [stdout]    |     has type `&mut std::task::Context<'_>` which is not `Send`
[INFO] [stdout]    = note: required for the cast from `Pin<Box<impl Stream<Item = std::result::Result<data_chunk::DataChunk, executor_v2::ExecutorError>> + FusedStream>>` to `Pin<Box<(dyn Stream<Item = std::result::Result<data_chunk::DataChunk, executor_v2::ExecutorError>> + std::marker::Send + 'static)>>`
[INFO] [stdout]    = note: this error originates in the attribute macro `try_stream` (in Nightly builds, run with -Z macro-backtrace for more info)
[INFO] [stdout] 
[INFO] [stdout] 
[INFO] [stdout] error: generator cannot be sent between threads safely
[INFO] [stdout]   --> src/executor_v2/simple_agg.rs:15:5
[INFO] [stdout]    |
[INFO] [stdout] 15 |     #[try_stream(boxed, ok = DataChunk, error = ExecutorError)]
[INFO] [stdout]    |     ^^^^^^^^^^^^^^^^^^^^^^^^^^^^^^^^^^^^^^^^^^^^^^^^^^^^^^^^^^^ generator is not `Send`
[INFO] [stdout]    |
[INFO] [stdout]    = help: within `impl Stream<Item = std::result::Result<data_chunk::DataChunk, executor_v2::ExecutorError>> + FusedStream`, the trait `std::marker::Send` is not implemented for `*mut ()`
[INFO] [stdout] note: generator is not `Send` as this value is used across a yield
[INFO] [stdout]   --> src/executor_v2/simple_agg.rs:15:5
[INFO] [stdout]    |
[INFO] [stdout] 15 |     #[try_stream(boxed, ok = DataChunk, error = ExecutorError)]
[INFO] [stdout]    |     ^^^^^^^^^^^^^^^^^^^^^^^^^^^^^^^^^^^^^^^^^^^^^^^^^^^^^^^^^^-
[INFO] [stdout]    |     |                                                         |
[INFO] [stdout]    |     |                                                         `#[try_stream(boxed, ok = DataChunk, error = ExecutorError)]` is later dropped here
[INFO] [stdout]    |     yield occurs here, with `#[try_stream(boxed, ok = DataChunk, error = ExecutorError)]` maybe used later
[INFO] [stdout]    |     has type `&mut std::task::Context<'_>` which is not `Send`
[INFO] [stdout]    = note: required for the cast from `Pin<Box<impl Stream<Item = std::result::Result<data_chunk::DataChunk, executor_v2::ExecutorError>> + FusedStream>>` to `Pin<Box<(dyn Stream<Item = std::result::Result<data_chunk::DataChunk, executor_v2::ExecutorError>> + std::marker::Send + 'static)>>`
[INFO] [stdout]    = note: this error originates in the attribute macro `try_stream` (in Nightly builds, run with -Z macro-backtrace for more info)
[INFO] [stdout] 
[INFO] [stdout] 
[INFO] [stdout] error: generator cannot be sent between threads safely
[INFO] [stdout]   --> src/executor_v2/top_n.rs:23:5
[INFO] [stdout]    |
[INFO] [stdout] 23 |     #[try_stream(boxed, ok = DataChunk, error = ExecutorError)]
[INFO] [stdout]    |     ^^^^^^^^^^^^^^^^^^^^^^^^^^^^^^^^^^^^^^^^^^^^^^^^^^^^^^^^^^^ generator is not `Send`
[INFO] [stdout]    |
[INFO] [stdout]    = help: within `impl Stream<Item = std::result::Result<data_chunk::DataChunk, executor_v2::ExecutorError>> + FusedStream`, the trait `std::marker::Send` is not implemented for `*mut ()`
[INFO] [stdout] note: generator is not `Send` as this value is used across a yield
[INFO] [stdout]   --> src/executor_v2/top_n.rs:23:5
[INFO] [stdout]    |
[INFO] [stdout] 23 |     #[try_stream(boxed, ok = DataChunk, error = ExecutorError)]
[INFO] [stdout]    |     ^^^^^^^^^^^^^^^^^^^^^^^^^^^^^^^^^^^^^^^^^^^^^^^^^^^^^^^^^^-
[INFO] [stdout]    |     |                                                         |
[INFO] [stdout]    |     |                                                         `#[try_stream(boxed, ok = DataChunk, error = ExecutorError)]` is later dropped here
[INFO] [stdout]    |     yield occurs here, with `#[try_stream(boxed, ok = DataChunk, error = ExecutorError)]` maybe used later
[INFO] [stdout]    |     has type `&mut std::task::Context<'_>` which is not `Send`
[INFO] [stdout]    = note: required for the cast from `Pin<Box<impl Stream<Item = std::result::Result<data_chunk::DataChunk, executor_v2::ExecutorError>> + FusedStream>>` to `Pin<Box<(dyn Stream<Item = std::result::Result<data_chunk::DataChunk, executor_v2::ExecutorError>> + std::marker::Send + 'static)>>`
[INFO] [stdout]    = note: this error originates in the attribute macro `try_stream` (in Nightly builds, run with -Z macro-backtrace for more info)
[INFO] [stdout] 
[INFO] [stdout] 
[INFO] [stdout] error: generator cannot be sent between threads safely
[INFO] [stdout]   --> src/v1/executor/copy_to_file.rs:19:5
[INFO] [stdout]    |
[INFO] [stdout] 19 |     #[try_stream(boxed, ok = DataChunk, error = ExecutorError)]
[INFO] [stdout]    |     ^^^^^^^^^^^^^^^^^^^^^^^^^^^^^^^^^^^^^^^^^^^^^^^^^^^^^^^^^^^ generator is not `Send`
[INFO] [stdout]    |
[INFO] [stdout]    = help: within `impl Stream<Item = std::result::Result<data_chunk::DataChunk, v1::executor::ExecutorError>> + FusedStream`, the trait `std::marker::Send` is not implemented for `*mut ()`
[INFO] [stdout] note: generator is not `Send` as this value is used across a yield
[INFO] [stdout]   --> src/v1/executor/copy_to_file.rs:19:5
[INFO] [stdout]    |
[INFO] [stdout] 19 |     #[try_stream(boxed, ok = DataChunk, error = ExecutorError)]
[INFO] [stdout]    |     ^^^^^^^^^^^^^^^^^^^^^^^^^^^^^^^^^^^^^^^^^^^^^^^^^^^^^^^^^^-
[INFO] [stdout]    |     |                                                         |
[INFO] [stdout]    |     |                                                         `#[try_stream(boxed, ok = DataChunk, error = ExecutorError)]` is later dropped here
[INFO] [stdout]    |     yield occurs here, with `#[try_stream(boxed, ok = DataChunk, error = ExecutorError)]` maybe used later
[INFO] [stdout]    |     has type `&mut std::task::Context<'_>` which is not `Send`
[INFO] [stdout]    = note: required for the cast from `Pin<Box<impl Stream<Item = std::result::Result<data_chunk::DataChunk, v1::executor::ExecutorError>> + FusedStream>>` to `Pin<Box<(dyn Stream<Item = std::result::Result<data_chunk::DataChunk, v1::executor::ExecutorError>> + std::marker::Send + 'static)>>`
[INFO] [stdout]    = note: this error originates in the attribute macro `try_stream` (in Nightly builds, run with -Z macro-backtrace for more info)
[INFO] [stdout] 
[INFO] [stdout] 
[INFO] [stdout] error: generator cannot be sent between threads safely
[INFO] [stdout]   --> src/v1/executor/delete.rs:18:5
[INFO] [stdout]    |
[INFO] [stdout] 18 |     #[try_stream(boxed, ok = DataChunk, error = ExecutorError)]
[INFO] [stdout]    |     ^^^^^^^^^^^^^^^^^^^^^^^^^^^^^^^^^^^^^^^^^^^^^^^^^^^^^^^^^^^ generator is not `Send`
[INFO] [stdout]    |
[INFO] [stdout]    = help: within `impl Stream<Item = std::result::Result<data_chunk::DataChunk, v1::executor::ExecutorError>> + FusedStream`, the trait `std::marker::Send` is not implemented for `*mut ()`
[INFO] [stdout] note: generator is not `Send` as this value is used across a yield
[INFO] [stdout]   --> src/v1/executor/delete.rs:18:5
[INFO] [stdout]    |
[INFO] [stdout] 18 |     #[try_stream(boxed, ok = DataChunk, error = ExecutorError)]
[INFO] [stdout]    |     ^^^^^^^^^^^^^^^^^^^^^^^^^^^^^^^^^^^^^^^^^^^^^^^^^^^^^^^^^^-
[INFO] [stdout]    |     |                                                         |
[INFO] [stdout]    |     |                                                         `#[try_stream(boxed, ok = DataChunk, error = ExecutorError)]` is later dropped here
[INFO] [stdout]    |     yield occurs here, with `#[try_stream(boxed, ok = DataChunk, error = ExecutorError)]` maybe used later
[INFO] [stdout]    |     has type `&mut std::task::Context<'_>` which is not `Send`
[INFO] [stdout]    = note: required for the cast from `Pin<Box<impl Stream<Item = std::result::Result<data_chunk::DataChunk, v1::executor::ExecutorError>> + FusedStream>>` to `Pin<Box<(dyn Stream<Item = std::result::Result<data_chunk::DataChunk, v1::executor::ExecutorError>> + std::marker::Send + 'static)>>`
[INFO] [stdout]    = note: this error originates in the attribute macro `try_stream` (in Nightly builds, run with -Z macro-backtrace for more info)
[INFO] [stdout] 
[INFO] [stdout] 
[INFO] [stdout] error: generator cannot be sent between threads safely
[INFO] [stdout]   --> src/v1/executor/filter.rs:14:5
[INFO] [stdout]    |
[INFO] [stdout] 14 |     #[try_stream(boxed, ok = DataChunk, error = ExecutorError)]
[INFO] [stdout]    |     ^^^^^^^^^^^^^^^^^^^^^^^^^^^^^^^^^^^^^^^^^^^^^^^^^^^^^^^^^^^ generator is not `Send`
[INFO] [stdout]    |
[INFO] [stdout]    = help: within `impl Stream<Item = std::result::Result<data_chunk::DataChunk, v1::executor::ExecutorError>> + FusedStream`, the trait `std::marker::Send` is not implemented for `*mut ()`
[INFO] [stdout] note: generator is not `Send` as this value is used across a yield
[INFO] [stdout]   --> src/v1/executor/filter.rs:14:5
[INFO] [stdout]    |
[INFO] [stdout] 14 |     #[try_stream(boxed, ok = DataChunk, error = ExecutorError)]
[INFO] [stdout]    |     ^^^^^^^^^^^^^^^^^^^^^^^^^^^^^^^^^^^^^^^^^^^^^^^^^^^^^^^^^^-
[INFO] [stdout]    |     |                                                         |
[INFO] [stdout]    |     |                                                         `#[try_stream(boxed, ok = DataChunk, error = ExecutorError)]` is later dropped here
[INFO] [stdout]    |     yield occurs here, with `#[try_stream(boxed, ok = DataChunk, error = ExecutorError)]` maybe used later
[INFO] [stdout]    |     has type `&mut std::task::Context<'_>` which is not `Send`
[INFO] [stdout]    = note: required for the cast from `Pin<Box<impl Stream<Item = std::result::Result<data_chunk::DataChunk, v1::executor::ExecutorError>> + FusedStream>>` to `Pin<Box<(dyn Stream<Item = std::result::Result<data_chunk::DataChunk, v1::executor::ExecutorError>> + std::marker::Send + 'static)>>`
[INFO] [stdout]    = note: this error originates in the attribute macro `try_stream` (in Nightly builds, run with -Z macro-backtrace for more info)
[INFO] [stdout] 
[INFO] [stdout] 
[INFO] [stdout] error: generator cannot be sent between threads safely
[INFO] [stdout]   --> src/v1/executor/hash_agg.rs:95:5
[INFO] [stdout]    |
[INFO] [stdout] 95 |     #[try_stream(boxed, ok = DataChunk, error = ExecutorError)]
[INFO] [stdout]    |     ^^^^^^^^^^^^^^^^^^^^^^^^^^^^^^^^^^^^^^^^^^^^^^^^^^^^^^^^^^^ generator is not `Send`
[INFO] [stdout]    |
[INFO] [stdout]    = help: within `impl Stream<Item = std::result::Result<data_chunk::DataChunk, v1::executor::ExecutorError>> + FusedStream`, the trait `std::marker::Send` is not implemented for `*mut ()`
[INFO] [stdout] note: generator is not `Send` as this value is used across a yield
[INFO] [stdout]   --> src/v1/executor/hash_agg.rs:95:5
[INFO] [stdout]    |
[INFO] [stdout] 95 |     #[try_stream(boxed, ok = DataChunk, error = ExecutorError)]
[INFO] [stdout]    |     ^^^^^^^^^^^^^^^^^^^^^^^^^^^^^^^^^^^^^^^^^^^^^^^^^^^^^^^^^^-
[INFO] [stdout]    |     |                                                         |
[INFO] [stdout]    |     |                                                         `#[try_stream(boxed, ok = DataChunk, error = ExecutorError)]` is later dropped here
[INFO] [stdout]    |     yield occurs here, with `#[try_stream(boxed, ok = DataChunk, error = ExecutorError)]` maybe used later
[INFO] [stdout]    |     has type `&mut std::task::Context<'_>` which is not `Send`
[INFO] [stdout]    = note: required for the cast from `Pin<Box<impl Stream<Item = std::result::Result<data_chunk::DataChunk, v1::executor::ExecutorError>> + FusedStream>>` to `Pin<Box<(dyn Stream<Item = std::result::Result<data_chunk::DataChunk, v1::executor::ExecutorError>> + std::marker::Send + 'static)>>`
[INFO] [stdout]    = note: this error originates in the attribute macro `try_stream` (in Nightly builds, run with -Z macro-backtrace for more info)
[INFO] [stdout] 
[INFO] [stdout] 
[INFO] [stdout] error: generator cannot be sent between threads safely
[INFO] [stdout]   --> src/v1/executor/insert.rs:20:5
[INFO] [stdout]    |
[INFO] [stdout] 20 |     #[try_stream(boxed, ok = DataChunk, error = ExecutorError)]
[INFO] [stdout]    |     ^^^^^^^^^^^^^^^^^^^^^^^^^^^^^^^^^^^^^^^^^^^^^^^^^^^^^^^^^^^ generator is not `Send`
[INFO] [stdout]    |
[INFO] [stdout]    = help: within `impl Stream<Item = std::result::Result<data_chunk::DataChunk, v1::executor::ExecutorError>> + FusedStream`, the trait `std::marker::Send` is not implemented for `*mut ()`
[INFO] [stdout] note: generator is not `Send` as this value is used across a yield
[INFO] [stdout]   --> src/v1/executor/insert.rs:20:5
[INFO] [stdout]    |
[INFO] [stdout] 20 |     #[try_stream(boxed, ok = DataChunk, error = ExecutorError)]
[INFO] [stdout]    |     ^^^^^^^^^^^^^^^^^^^^^^^^^^^^^^^^^^^^^^^^^^^^^^^^^^^^^^^^^^-
[INFO] [stdout]    |     |                                                         |
[INFO] [stdout]    |     |                                                         `#[try_stream(boxed, ok = DataChunk, error = ExecutorError)]` is later dropped here
[INFO] [stdout]    |     yield occurs here, with `#[try_stream(boxed, ok = DataChunk, error = ExecutorError)]` maybe used later
[INFO] [stdout]    |     has type `&mut std::task::Context<'_>` which is not `Send`
[INFO] [stdout]    = note: required for the cast from `Pin<Box<impl Stream<Item = std::result::Result<data_chunk::DataChunk, v1::executor::ExecutorError>> + FusedStream>>` to `Pin<Box<(dyn Stream<Item = std::result::Result<data_chunk::DataChunk, v1::executor::ExecutorError>> + std::marker::Send + 'static)>>`
[INFO] [stdout]    = note: this error originates in the attribute macro `try_stream` (in Nightly builds, run with -Z macro-backtrace for more info)
[INFO] [stdout] 
[INFO] [stdout] 
[INFO] [stdout] error: generator cannot be sent between threads safely
[INFO] [stdout]   --> src/v1/executor/limit.rs:14:5
[INFO] [stdout]    |
[INFO] [stdout] 14 |     #[try_stream(boxed, ok = DataChunk, error = ExecutorError)]
[INFO] [stdout]    |     ^^^^^^^^^^^^^^^^^^^^^^^^^^^^^^^^^^^^^^^^^^^^^^^^^^^^^^^^^^^ generator is not `Send`
[INFO] [stdout]    |
[INFO] [stdout]    = help: within `impl Stream<Item = std::result::Result<data_chunk::DataChunk, v1::executor::ExecutorError>> + FusedStream`, the trait `std::marker::Send` is not implemented for `*mut ()`
[INFO] [stdout] note: generator is not `Send` as this value is used across a yield
[INFO] [stdout]   --> src/v1/executor/limit.rs:14:5
[INFO] [stdout]    |
[INFO] [stdout] 14 |     #[try_stream(boxed, ok = DataChunk, error = ExecutorError)]
[INFO] [stdout]    |     ^^^^^^^^^^^^^^^^^^^^^^^^^^^^^^^^^^^^^^^^^^^^^^^^^^^^^^^^^^-
[INFO] [stdout]    |     |                                                         |
[INFO] [stdout]    |     |                                                         `#[try_stream(boxed, ok = DataChunk, error = ExecutorError)]` is later dropped here
[INFO] [stdout]    |     yield occurs here, with `#[try_stream(boxed, ok = DataChunk, error = ExecutorError)]` maybe used later
[INFO] [stdout]    |     has type `&mut std::task::Context<'_>` which is not `Send`
[INFO] [stdout]    = note: required for the cast from `Pin<Box<impl Stream<Item = std::result::Result<data_chunk::DataChunk, v1::executor::ExecutorError>> + FusedStream>>` to `Pin<Box<(dyn Stream<Item = std::result::Result<data_chunk::DataChunk, v1::executor::ExecutorError>> + std::marker::Send + 'static)>>`
[INFO] [stdout]    = note: this error originates in the attribute macro `try_stream` (in Nightly builds, run with -Z macro-backtrace for more info)
[INFO] [stdout] 
[INFO] [stdout] 
[INFO] [stdout] error: generator cannot be sent between threads safely
[INFO] [stdout]   --> src/v1/executor/order.rs:18:5
[INFO] [stdout]    |
[INFO] [stdout] 18 |     #[try_stream(boxed, ok = DataChunk, error = ExecutorError)]
[INFO] [stdout]    |     ^^^^^^^^^^^^^^^^^^^^^^^^^^^^^^^^^^^^^^^^^^^^^^^^^^^^^^^^^^^ generator is not `Send`
[INFO] [stdout]    |
[INFO] [stdout]    = help: within `impl Stream<Item = std::result::Result<data_chunk::DataChunk, v1::executor::ExecutorError>> + FusedStream`, the trait `std::marker::Send` is not implemented for `*mut ()`
[INFO] [stdout] note: generator is not `Send` as this value is used across a yield
[INFO] [stdout]   --> src/v1/executor/order.rs:18:5
[INFO] [stdout]    |
[INFO] [stdout] 18 |     #[try_stream(boxed, ok = DataChunk, error = ExecutorError)]
[INFO] [stdout]    |     ^^^^^^^^^^^^^^^^^^^^^^^^^^^^^^^^^^^^^^^^^^^^^^^^^^^^^^^^^^-
[INFO] [stdout]    |     |                                                         |
[INFO] [stdout]    |     |                                                         `#[try_stream(boxed, ok = DataChunk, error = ExecutorError)]` is later dropped here
[INFO] [stdout]    |     yield occurs here, with `#[try_stream(boxed, ok = DataChunk, error = ExecutorError)]` maybe used later
[INFO] [stdout]    |     has type `&mut std::task::Context<'_>` which is not `Send`
[INFO] [stdout]    = note: required for the cast from `Pin<Box<impl Stream<Item = std::result::Result<data_chunk::DataChunk, v1::executor::ExecutorError>> + FusedStream>>` to `Pin<Box<(dyn Stream<Item = std::result::Result<data_chunk::DataChunk, v1::executor::ExecutorError>> + std::marker::Send + 'static)>>`
[INFO] [stdout]    = note: this error originates in the attribute macro `try_stream` (in Nightly builds, run with -Z macro-backtrace for more info)
[INFO] [stdout] 
[INFO] [stdout] 
[INFO] [stdout] error: generator cannot be sent between threads safely
[INFO] [stdout]    --> src/v1/executor/perfect_hash_agg.rs:220:5
[INFO] [stdout]     |
[INFO] [stdout] 220 |     #[try_stream(boxed, ok = DataChunk, error = ExecutorError)]
[INFO] [stdout]     |     ^^^^^^^^^^^^^^^^^^^^^^^^^^^^^^^^^^^^^^^^^^^^^^^^^^^^^^^^^^^ generator is not `Send`
[INFO] [stdout]     |
[INFO] [stdout]     = help: within `impl Stream<Item = std::result::Result<data_chunk::DataChunk, v1::executor::ExecutorError>> + FusedStream`, the trait `std::marker::Send` is not implemented for `*mut ()`
[INFO] [stdout] note: generator is not `Send` as this value is used across a yield
[INFO] [stdout]    --> src/v1/executor/perfect_hash_agg.rs:220:5
[INFO] [stdout]     |
[INFO] [stdout] 220 |     #[try_stream(boxed, ok = DataChunk, error = ExecutorError)]
[INFO] [stdout]     |     ^^^^^^^^^^^^^^^^^^^^^^^^^^^^^^^^^^^^^^^^^^^^^^^^^^^^^^^^^^-
[INFO] [stdout]     |     |                                                         |
[INFO] [stdout]     |     |                                                         `#[try_stream(boxed, ok = DataChunk, error = ExecutorError)]` is later dropped here
[INFO] [stdout]     |     yield occurs here, with `#[try_stream(boxed, ok = DataChunk, error = ExecutorError)]` maybe used later
[INFO] [stdout]     |     has type `&mut std::task::Context<'_>` which is not `Send`
[INFO] [stdout]     = note: required for the cast from `Pin<Box<impl Stream<Item = std::result::Result<data_chunk::DataChunk, v1::executor::ExecutorError>> + FusedStream>>` to `Pin<Box<(dyn Stream<Item = std::result::Result<data_chunk::DataChunk, v1::executor::ExecutorError>> + std::marker::Send + 'static)>>`
[INFO] [stdout]     = note: this error originates in the attribute macro `try_stream` (in Nightly builds, run with -Z macro-backtrace for more info)
[INFO] [stdout] 
[INFO] [stdout] 
[INFO] [stdout] error: generator cannot be sent between threads safely
[INFO] [stdout]   --> src/v1/executor/projection.rs:14:5
[INFO] [stdout]    |
[INFO] [stdout] 14 |     #[try_stream(boxed, ok = DataChunk, error = ExecutorError)]
[INFO] [stdout]    |     ^^^^^^^^^^^^^^^^^^^^^^^^^^^^^^^^^^^^^^^^^^^^^^^^^^^^^^^^^^^ generator is not `Send`
[INFO] [stdout]    |
[INFO] [stdout]    = help: within `impl Stream<Item = std::result::Result<data_chunk::DataChunk, v1::executor::ExecutorError>> + FusedStream`, the trait `std::marker::Send` is not implemented for `*mut ()`
[INFO] [stdout] note: generator is not `Send` as this value is used across a yield
[INFO] [stdout]   --> src/v1/executor/projection.rs:14:5
[INFO] [stdout]    |
[INFO] [stdout] 14 |     #[try_stream(boxed, ok = DataChunk, error = ExecutorError)]
[INFO] [stdout]    |     ^^^^^^^^^^^^^^^^^^^^^^^^^^^^^^^^^^^^^^^^^^^^^^^^^^^^^^^^^^-
[INFO] [stdout]    |     |                                                         |
[INFO] [stdout]    |     |                                                         `#[try_stream(boxed, ok = DataChunk, error = ExecutorError)]` is later dropped here
[INFO] [stdout]    |     yield occurs here, with `#[try_stream(boxed, ok = DataChunk, error = ExecutorError)]` maybe used later
[INFO] [stdout]    |     has type `&mut std::task::Context<'_>` which is not `Send`
[INFO] [stdout]    = note: required for the cast from `Pin<Box<impl Stream<Item = std::result::Result<data_chunk::DataChunk, v1::executor::ExecutorError>> + FusedStream>>` to `Pin<Box<(dyn Stream<Item = std::result::Result<data_chunk::DataChunk, v1::executor::ExecutorError>> + std::marker::Send + 'static)>>`
[INFO] [stdout]    = note: this error originates in the attribute macro `try_stream` (in Nightly builds, run with -Z macro-backtrace for more info)
[INFO] [stdout] 
[INFO] [stdout] 
[INFO] [stdout] error: generator cannot be sent between threads safely
[INFO] [stdout]   --> src/v1/executor/simple_agg.rs:48:5
[INFO] [stdout]    |
[INFO] [stdout] 48 |     #[try_stream(boxed, ok = DataChunk, error = ExecutorError)]
[INFO] [stdout]    |     ^^^^^^^^^^^^^^^^^^^^^^^^^^^^^^^^^^^^^^^^^^^^^^^^^^^^^^^^^^^ generator is not `Send`
[INFO] [stdout]    |
[INFO] [stdout]    = help: within `impl Stream<Item = std::result::Result<data_chunk::DataChunk, v1::executor::ExecutorError>> + FusedStream`, the trait `std::marker::Send` is not implemented for `*mut ()`
[INFO] [stdout] note: generator is not `Send` as this value is used across a yield
[INFO] [stdout]   --> src/v1/executor/simple_agg.rs:48:5
[INFO] [stdout]    |
[INFO] [stdout] 48 |     #[try_stream(boxed, ok = DataChunk, error = ExecutorError)]
[INFO] [stdout]    |     ^^^^^^^^^^^^^^^^^^^^^^^^^^^^^^^^^^^^^^^^^^^^^^^^^^^^^^^^^^-
[INFO] [stdout]    |     |                                                         |
[INFO] [stdout]    |     |                                                         `#[try_stream(boxed, ok = DataChunk, error = ExecutorError)]` is later dropped here
[INFO] [stdout]    |     yield occurs here, with `#[try_stream(boxed, ok = DataChunk, error = ExecutorError)]` maybe used later
[INFO] [stdout]    |     has type `&mut std::task::Context<'_>` which is not `Send`
[INFO] [stdout]    = note: required for the cast from `Pin<Box<impl Stream<Item = std::result::Result<data_chunk::DataChunk, v1::executor::ExecutorError>> + FusedStream>>` to `Pin<Box<(dyn Stream<Item = std::result::Result<data_chunk::DataChunk, v1::executor::ExecutorError>> + std::marker::Send + 'static)>>`
[INFO] [stdout]    = note: this error originates in the attribute macro `try_stream` (in Nightly builds, run with -Z macro-backtrace for more info)
[INFO] [stdout] 
[INFO] [stdout] 
[INFO] [stdout] error: generator cannot be sent between threads safely
[INFO] [stdout]   --> src/v1/executor/sort_agg.rs:16:5
[INFO] [stdout]    |
[INFO] [stdout] 16 |     #[try_stream(boxed, ok = DataChunk, error = ExecutorError)]
[INFO] [stdout]    |     ^^^^^^^^^^^^^^^^^^^^^^^^^^^^^^^^^^^^^^^^^^^^^^^^^^^^^^^^^^^ generator is not `Send`
[INFO] [stdout]    |
[INFO] [stdout]    = help: within `impl Stream<Item = std::result::Result<data_chunk::DataChunk, v1::executor::ExecutorError>> + FusedStream`, the trait `std::marker::Send` is not implemented for `*mut ()`
[INFO] [stdout] note: generator is not `Send` as this value is used across a yield
[INFO] [stdout]   --> src/v1/executor/sort_agg.rs:16:5
[INFO] [stdout]    |
[INFO] [stdout] 16 |     #[try_stream(boxed, ok = DataChunk, error = ExecutorError)]
[INFO] [stdout]    |     ^^^^^^^^^^^^^^^^^^^^^^^^^^^^^^^^^^^^^^^^^^^^^^^^^^^^^^^^^^-
[INFO] [stdout]    |     |                                                         |
[INFO] [stdout]    |     |                                                         `#[try_stream(boxed, ok = DataChunk, error = ExecutorError)]` is later dropped here
[INFO] [stdout]    |     yield occurs here, with `#[try_stream(boxed, ok = DataChunk, error = ExecutorError)]` maybe used later
[INFO] [stdout]    |     has type `&mut std::task::Context<'_>` which is not `Send`
[INFO] [stdout]    = note: required for the cast from `Pin<Box<impl Stream<Item = std::result::Result<data_chunk::DataChunk, v1::executor::ExecutorError>> + FusedStream>>` to `Pin<Box<(dyn Stream<Item = std::result::Result<data_chunk::DataChunk, v1::executor::ExecutorError>> + std::marker::Send + 'static)>>`
[INFO] [stdout]    = note: this error originates in the attribute macro `try_stream` (in Nightly builds, run with -Z macro-backtrace for more info)
[INFO] [stdout] 
[INFO] [stdout] 
[INFO] [stdout] error: generator cannot be sent between threads safely
[INFO] [stdout]   --> src/v1/executor/sort_merge_join.rs:93:1
[INFO] [stdout]    |
[INFO] [stdout] 93 | #[try_stream(boxed, ok = Row, error = ExecutorError)]
[INFO] [stdout]    | ^^^^^^^^^^^^^^^^^^^^^^^^^^^^^^^^^^^^^^^^^^^^^^^^^^^^^ generator is not `Send`
[INFO] [stdout]    |
[INFO] [stdout]    = help: within `impl Stream<Item = std::result::Result<std::vec::Vec<types::value::DataValue>, v1::executor::ExecutorError>> + FusedStream`, the trait `std::marker::Send` is not implemented for `*mut ()`
[INFO] [stdout] note: generator is not `Send` as this value is used across a yield
[INFO] [stdout]   --> src/v1/executor/sort_merge_join.rs:93:1
[INFO] [stdout]    |
[INFO] [stdout] 93 | #[try_stream(boxed, ok = Row, error = ExecutorError)]
[INFO] [stdout]    | ^^^^^^^^^^^^^^^^^^^^^^^^^^^^^^^^^^^^^^^^^^^^^^^^^^^^-
[INFO] [stdout]    | |                                                   |
[INFO] [stdout]    | |                                                   `#[try_stream(boxed, ok = Row, error = ExecutorError)]` is later dropped here
[INFO] [stdout]    | yield occurs here, with `#[try_stream(boxed, ok = Row, error = ExecutorError)]` maybe used later
[INFO] [stdout]    | has type `&mut std::task::Context<'_>` which is not `Send`
[INFO] [stdout]    = note: required for the cast from `Pin<Box<impl Stream<Item = std::result::Result<std::vec::Vec<types::value::DataValue>, v1::executor::ExecutorError>> + FusedStream>>` to `Pin<Box<dyn Stream<Item = Result<Vec<DataValue>, ExecutorError>> + Send>>`
[INFO] [stdout]    = note: the full name for the target type has been written to '/opt/rustwide/target/debug/deps/risinglight-b2c181059b0eaf5a.long-type-12329487984771575702.txt'
[INFO] [stdout]    = note: this error originates in the attribute macro `try_stream` (in Nightly builds, run with -Z macro-backtrace for more info)
[INFO] [stdout] 
[INFO] [stdout] 
[INFO] [stdout] error: generator cannot be sent between threads safely
[INFO] [stdout]    --> src/v1/executor/sort_merge_join.rs:104:1
[INFO] [stdout]     |
[INFO] [stdout] 104 | #[try_stream(boxed, ok = Vec<Row>, error = ExecutorError)]
[INFO] [stdout]     | ^^^^^^^^^^^^^^^^^^^^^^^^^^^^^^^^^^^^^^^^^^^^^^^^^^^^^^^^^^ generator is not `Send`
[INFO] [stdout]     |
[INFO] [stdout]     = help: within `impl Stream<Item = std::result::Result<std::vec::Vec<std::vec::Vec<types::value::DataValue>>, v1::executor::ExecutorError>> + FusedStream`, the trait `std::marker::Send` is not implemented for `*mut ()`
[INFO] [stdout] note: generator is not `Send` as this value is used across a yield
[INFO] [stdout]    --> src/v1/executor/sort_merge_join.rs:104:1
[INFO] [stdout]     |
[INFO] [stdout] 104 | #[try_stream(boxed, ok = Vec<Row>, error = ExecutorError)]
[INFO] [stdout]     | ^^^^^^^^^^^^^^^^^^^^^^^^^^^^^^^^^^^^^^^^^^^^^^^^^^^^^^^^^-
[INFO] [stdout]     | |                                                        |
[INFO] [stdout]     | |                                                        `#[try_stream(boxed, ok = Vec<Row>, error = ExecutorError)]` is later dropped here
[INFO] [stdout]     | yield occurs here, with `#[try_stream(boxed, ok = Vec<Row>, error = ExecutorError)]` maybe used later
[INFO] [stdout]     | has type `&mut std::task::Context<'_>` which is not `Send`
[INFO] [stdout]     = note: required for the cast from `Pin<Box<impl Stream<Item = Result<Vec<Vec<DataValue>>, ExecutorError>> + FusedStream>>` to `Pin<Box<dyn Stream<Item = Result<Vec<Vec<DataValue>>, ExecutorError>> + Send>>`
[INFO] [stdout]     = note: the full name for the source type has been written to '/opt/rustwide/target/debug/deps/risinglight-b2c181059b0eaf5a.long-type-8765349079416847837.txt'
[INFO] [stdout]     = note: the full name for the target type has been written to '/opt/rustwide/target/debug/deps/risinglight-b2c181059b0eaf5a.long-type-12847217228800621612.txt'
[INFO] [stdout]     = note: this error originates in the attribute macro `try_stream` (in Nightly builds, run with -Z macro-backtrace for more info)
[INFO] [stdout] 
[INFO] [stdout] 
[INFO] [stdout] error: generator cannot be sent between threads safely
[INFO] [stdout]   --> src/v1/executor/top_n.rs:22:5
[INFO] [stdout]    |
[INFO] [stdout] 22 |     #[try_stream(boxed, ok = DataChunk, error = ExecutorError)]
[INFO] [stdout]    |     ^^^^^^^^^^^^^^^^^^^^^^^^^^^^^^^^^^^^^^^^^^^^^^^^^^^^^^^^^^^ generator is not `Send`
[INFO] [stdout]    |
[INFO] [stdout]    = help: within `impl Stream<Item = std::result::Result<data_chunk::DataChunk, v1::executor::ExecutorError>> + FusedStream`, the trait `std::marker::Send` is not implemented for `*mut ()`
[INFO] [stdout] note: generator is not `Send` as this value is used across a yield
[INFO] [stdout]   --> src/v1/executor/top_n.rs:22:5
[INFO] [stdout]    |
[INFO] [stdout] 22 |     #[try_stream(boxed, ok = DataChunk, error = ExecutorError)]
[INFO] [stdout]    |     ^^^^^^^^^^^^^^^^^^^^^^^^^^^^^^^^^^^^^^^^^^^^^^^^^^^^^^^^^^-
[INFO] [stdout]    |     |                                                         |
[INFO] [stdout]    |     |                                                         `#[try_stream(boxed, ok = DataChunk, error = ExecutorError)]` is later dropped here
[INFO] [stdout]    |     yield occurs here, with `#[try_stream(boxed, ok = DataChunk, error = ExecutorError)]` maybe used later
[INFO] [stdout]    |     has type `&mut std::task::Context<'_>` which is not `Send`
[INFO] [stdout]    = note: required for the cast from `Pin<Box<impl Stream<Item = std::result::Result<data_chunk::DataChunk, v1::executor::ExecutorError>> + FusedStream>>` to `Pin<Box<(dyn Stream<Item = std::result::Result<data_chunk::DataChunk, v1::executor::ExecutorError>> + std::marker::Send + 'static)>>`
[INFO] [stdout]    = note: this error originates in the attribute macro `try_stream` (in Nightly builds, run with -Z macro-backtrace for more info)
[INFO] [stdout] 
[INFO] [stdout] 
[INFO] [stdout] error: generator cannot be sent between threads safely
[INFO] [stdout]   --> src/v1/executor/copy_to_file.rs:19:5
[INFO] [stdout]    |
[INFO] [stdout] 19 |     #[try_stream(boxed, ok = DataChunk, error = ExecutorError)]
[INFO] [stdout]    |     ^^^^^^^^^^^^^^^^^^^^^^^^^^^^^^^^^^^^^^^^^^^^^^^^^^^^^^^^^^^ generator is not `Send`
[INFO] [stdout]    |
[INFO] [stdout]    = help: within `impl Stream<Item = std::result::Result<data_chunk::DataChunk, v1::executor::ExecutorError>> + FusedStream`, the trait `std::marker::Send` is not implemented for `*mut ()`
[INFO] [stdout] note: generator is not `Send` as this value is used across a yield
[INFO] [stdout]   --> src/v1/executor/copy_to_file.rs:19:5
[INFO] [stdout]    |
[INFO] [stdout] 19 |     #[try_stream(boxed, ok = DataChunk, error = ExecutorError)]
[INFO] [stdout]    |     ^^^^^^^^^^^^^^^^^^^^^^^^^^^^^^^^^^^^^^^^^^^^^^^^^^^^^^^^^^-
[INFO] [stdout]    |     |                                                         |
[INFO] [stdout]    |     |                                                         `#[try_stream(boxed, ok = DataChunk, error = ExecutorError)]` is later dropped here
[INFO] [stdout]    |     yield occurs here, with `#[try_stream(boxed, ok = DataChunk, error = ExecutorError)]` maybe used later
[INFO] [stdout]    |     has type `&mut std::task::Context<'_>` which is not `Send`
[INFO] [stdout]    = note: required for the cast from `Pin<Box<impl Stream<Item = std::result::Result<data_chunk::DataChunk, v1::executor::ExecutorError>> + FusedStream>>` to `Pin<Box<(dyn Stream<Item = std::result::Result<data_chunk::DataChunk, v1::executor::ExecutorError>> + std::marker::Send + 'static)>>`
[INFO] [stdout]    = note: this error originates in the attribute macro `try_stream` (in Nightly builds, run with -Z macro-backtrace for more info)
[INFO] [stdout] 
[INFO] [stdout] 
[INFO] [stdout] error: generator cannot be sent between threads safely
[INFO] [stdout]   --> src/v1/executor/delete.rs:18:5
[INFO] [stdout]    |
[INFO] [stdout] 18 |     #[try_stream(boxed, ok = DataChunk, error = ExecutorError)]
[INFO] [stdout]    |     ^^^^^^^^^^^^^^^^^^^^^^^^^^^^^^^^^^^^^^^^^^^^^^^^^^^^^^^^^^^ generator is not `Send`
[INFO] [stdout]    |
[INFO] [stdout]    = help: within `impl Stream<Item = std::result::Result<data_chunk::DataChunk, v1::executor::ExecutorError>> + FusedStream`, the trait `std::marker::Send` is not implemented for `*mut ()`
[INFO] [stdout] note: generator is not `Send` as this value is used across a yield
[INFO] [stdout]   --> src/v1/executor/delete.rs:18:5
[INFO] [stdout]    |
[INFO] [stdout] 18 |     #[try_stream(boxed, ok = DataChunk, error = ExecutorError)]
[INFO] [stdout]    |     ^^^^^^^^^^^^^^^^^^^^^^^^^^^^^^^^^^^^^^^^^^^^^^^^^^^^^^^^^^-
[INFO] [stdout]    |     |                                                         |
[INFO] [stdout]    |     |                                                         `#[try_stream(boxed, ok = DataChunk, error = ExecutorError)]` is later dropped here
[INFO] [stdout]    |     yield occurs here, with `#[try_stream(boxed, ok = DataChunk, error = ExecutorError)]` maybe used later
[INFO] [stdout]    |     has type `&mut std::task::Context<'_>` which is not `Send`
[INFO] [stdout]    = note: required for the cast from `Pin<Box<impl Stream<Item = std::result::Result<data_chunk::DataChunk, v1::executor::ExecutorError>> + FusedStream>>` to `Pin<Box<(dyn Stream<Item = std::result::Result<data_chunk::DataChunk, v1::executor::ExecutorError>> + std::marker::Send + 'static)>>`
[INFO] [stdout]    = note: this error originates in the attribute macro `try_stream` (in Nightly builds, run with -Z macro-backtrace for more info)
[INFO] [stdout] 
[INFO] [stdout] 
[INFO] [stdout] error: generator cannot be sent between threads safely
[INFO] [stdout]   --> src/v1/executor/filter.rs:14:5
[INFO] [stdout]    |
[INFO] [stdout] 14 |     #[try_stream(boxed, ok = DataChunk, error = ExecutorError)]
[INFO] [stdout]    |     ^^^^^^^^^^^^^^^^^^^^^^^^^^^^^^^^^^^^^^^^^^^^^^^^^^^^^^^^^^^ generator is not `Send`
[INFO] [stdout]    |
[INFO] [stdout]    = help: within `impl Stream<Item = std::result::Result<data_chunk::DataChunk, v1::executor::ExecutorError>> + FusedStream`, the trait `std::marker::Send` is not implemented for `*mut ()`
[INFO] [stdout] note: generator is not `Send` as this value is used across a yield
[INFO] [stdout]   --> src/v1/executor/filter.rs:14:5
[INFO] [stdout]    |
[INFO] [stdout] 14 |     #[try_stream(boxed, ok = DataChunk, error = ExecutorError)]
[INFO] [stdout]    |     ^^^^^^^^^^^^^^^^^^^^^^^^^^^^^^^^^^^^^^^^^^^^^^^^^^^^^^^^^^-
[INFO] [stdout]    |     |                                                         |
[INFO] [stdout]    |     |                                                         `#[try_stream(boxed, ok = DataChunk, error = ExecutorError)]` is later dropped here
[INFO] [stdout]    |     yield occurs here, with `#[try_stream(boxed, ok = DataChunk, error = ExecutorError)]` maybe used later
[INFO] [stdout]    |     has type `&mut std::task::Context<'_>` which is not `Send`
[INFO] [stdout]    = note: required for the cast from `Pin<Box<impl Stream<Item = std::result::Result<data_chunk::DataChunk, v1::executor::ExecutorError>> + FusedStream>>` to `Pin<Box<(dyn Stream<Item = std::result::Result<data_chunk::DataChunk, v1::executor::ExecutorError>> + std::marker::Send + 'static)>>`
[INFO] [stdout]    = note: this error originates in the attribute macro `try_stream` (in Nightly builds, run with -Z macro-backtrace for more info)
[INFO] [stdout] 
[INFO] [stdout] 
[INFO] [stdout] error: generator cannot be sent between threads safely
[INFO] [stdout]   --> src/v1/executor/hash_agg.rs:95:5
[INFO] [stdout]    |
[INFO] [stdout] 95 |     #[try_stream(boxed, ok = DataChunk, error = ExecutorError)]
[INFO] [stdout]    |     ^^^^^^^^^^^^^^^^^^^^^^^^^^^^^^^^^^^^^^^^^^^^^^^^^^^^^^^^^^^ generator is not `Send`
[INFO] [stdout]    |
[INFO] [stdout]    = help: within `impl Stream<Item = std::result::Result<data_chunk::DataChunk, v1::executor::ExecutorError>> + FusedStream`, the trait `std::marker::Send` is not implemented for `*mut ()`
[INFO] [stdout] note: generator is not `Send` as this value is used across a yield
[INFO] [stdout]   --> src/v1/executor/hash_agg.rs:95:5
[INFO] [stdout]    |
[INFO] [stdout] 95 |     #[try_stream(boxed, ok = DataChunk, error = ExecutorError)]
[INFO] [stdout]    |     ^^^^^^^^^^^^^^^^^^^^^^^^^^^^^^^^^^^^^^^^^^^^^^^^^^^^^^^^^^-
[INFO] [stdout]    |     |                                                         |
[INFO] [stdout]    |     |                                                         `#[try_stream(boxed, ok = DataChunk, error = ExecutorError)]` is later dropped here
[INFO] [stdout]    |     yield occurs here, with `#[try_stream(boxed, ok = DataChunk, error = ExecutorError)]` maybe used later
[INFO] [stdout]    |     has type `&mut std::task::Context<'_>` which is not `Send`
[INFO] [stdout]    = note: required for the cast from `Pin<Box<impl Stream<Item = std::result::Result<data_chunk::DataChunk, v1::executor::ExecutorError>> + FusedStream>>` to `Pin<Box<(dyn Stream<Item = std::result::Result<data_chunk::DataChunk, v1::executor::ExecutorError>> + std::marker::Send + 'static)>>`
[INFO] [stdout]    = note: this error originates in the attribute macro `try_stream` (in Nightly builds, run with -Z macro-backtrace for more info)
[INFO] [stdout] 
[INFO] [stdout] 
[INFO] [stdout] error: generator cannot be sent between threads safely
[INFO] [stdout]   --> src/v1/executor/insert.rs:20:5
[INFO] [stdout]    |
[INFO] [stdout] 20 |     #[try_stream(boxed, ok = DataChunk, error = ExecutorError)]
[INFO] [stdout]    |     ^^^^^^^^^^^^^^^^^^^^^^^^^^^^^^^^^^^^^^^^^^^^^^^^^^^^^^^^^^^ generator is not `Send`
[INFO] [stdout]    |
[INFO] [stdout]    = help: within `impl Stream<Item = std::result::Result<data_chunk::DataChunk, v1::executor::ExecutorError>> + FusedStream`, the trait `std::marker::Send` is not implemented for `*mut ()`
[INFO] [stdout] note: generator is not `Send` as this value is used across a yield
[INFO] [stdout]   --> src/v1/executor/insert.rs:20:5
[INFO] [stdout]    |
[INFO] [stdout] 20 |     #[try_stream(boxed, ok = DataChunk, error = ExecutorError)]
[INFO] [stdout]    |     ^^^^^^^^^^^^^^^^^^^^^^^^^^^^^^^^^^^^^^^^^^^^^^^^^^^^^^^^^^-
[INFO] [stdout]    |     |                                                         |
[INFO] [stdout]    |     |                                                         `#[try_stream(boxed, ok = DataChunk, error = ExecutorError)]` is later dropped here
[INFO] [stdout]    |     yield occurs here, with `#[try_stream(boxed, ok = DataChunk, error = ExecutorError)]` maybe used later
[INFO] [stdout]    |     has type `&mut std::task::Context<'_>` which is not `Send`
[INFO] [stdout]    = note: required for the cast from `Pin<Box<impl Stream<Item = std::result::Result<data_chunk::DataChunk, v1::executor::ExecutorError>> + FusedStream>>` to `Pin<Box<(dyn Stream<Item = std::result::Result<data_chunk::DataChunk, v1::executor::ExecutorError>> + std::marker::Send + 'static)>>`
[INFO] [stdout]    = note: this error originates in the attribute macro `try_stream` (in Nightly builds, run with -Z macro-backtrace for more info)
[INFO] [stdout] 
[INFO] [stdout] 
[INFO] [stdout] error: generator cannot be sent between threads safely
[INFO] [stdout]   --> src/v1/executor/limit.rs:14:5
[INFO] [stdout]    |
[INFO] [stdout] 14 |     #[try_stream(boxed, ok = DataChunk, error = ExecutorError)]
[INFO] [stdout]    |     ^^^^^^^^^^^^^^^^^^^^^^^^^^^^^^^^^^^^^^^^^^^^^^^^^^^^^^^^^^^ generator is not `Send`
[INFO] [stdout]    |
[INFO] [stdout]    = help: within `impl Stream<Item = std::result::Result<data_chunk::DataChunk, v1::executor::ExecutorError>> + FusedStream`, the trait `std::marker::Send` is not implemented for `*mut ()`
[INFO] [stdout] note: generator is not `Send` as this value is used across a yield
[INFO] [stdout]   --> src/v1/executor/limit.rs:14:5
[INFO] [stdout]    |
[INFO] [stdout] 14 |     #[try_stream(boxed, ok = DataChunk, error = ExecutorError)]
[INFO] [stdout]    |     ^^^^^^^^^^^^^^^^^^^^^^^^^^^^^^^^^^^^^^^^^^^^^^^^^^^^^^^^^^-
[INFO] [stdout]    |     |                                                         |
[INFO] [stdout]    |     |                                                         `#[try_stream(boxed, ok = DataChunk, error = ExecutorError)]` is later dropped here
[INFO] [stdout]    |     yield occurs here, with `#[try_stream(boxed, ok = DataChunk, error = ExecutorError)]` maybe used later
[INFO] [stdout]    |     has type `&mut std::task::Context<'_>` which is not `Send`
[INFO] [stdout]    = note: required for the cast from `Pin<Box<impl Stream<Item = std::result::Result<data_chunk::DataChunk, v1::executor::ExecutorError>> + FusedStream>>` to `Pin<Box<(dyn Stream<Item = std::result::Result<data_chunk::DataChunk, v1::executor::ExecutorError>> + std::marker::Send + 'static)>>`
[INFO] [stdout]    = note: this error originates in the attribute macro `try_stream` (in Nightly builds, run with -Z macro-backtrace for more info)
[INFO] [stdout] 
[INFO] [stdout] 
[INFO] [stdout] error: generator cannot be sent between threads safely
[INFO] [stdout]   --> src/v1/executor/order.rs:18:5
[INFO] [stdout]    |
[INFO] [stdout] 18 |     #[try_stream(boxed, ok = DataChunk, error = ExecutorError)]
[INFO] [stdout]    |     ^^^^^^^^^^^^^^^^^^^^^^^^^^^^^^^^^^^^^^^^^^^^^^^^^^^^^^^^^^^ generator is not `Send`
[INFO] [stdout]    |
[INFO] [stdout]    = help: within `impl Stream<Item = std::result::Result<data_chunk::DataChunk, v1::executor::ExecutorError>> + FusedStream`, the trait `std::marker::Send` is not implemented for `*mut ()`
[INFO] [stdout] note: generator is not `Send` as this value is used across a yield
[INFO] [stdout]   --> src/v1/executor/order.rs:18:5
[INFO] [stdout]    |
[INFO] [stdout] 18 |     #[try_stream(boxed, ok = DataChunk, error = ExecutorError)]
[INFO] [stdout]    |     ^^^^^^^^^^^^^^^^^^^^^^^^^^^^^^^^^^^^^^^^^^^^^^^^^^^^^^^^^^-
[INFO] [stdout]    |     |                                                         |
[INFO] [stdout]    |     |                                                         `#[try_stream(boxed, ok = DataChunk, error = ExecutorError)]` is later dropped here
[INFO] [stdout]    |     yield occurs here, with `#[try_stream(boxed, ok = DataChunk, error = ExecutorError)]` maybe used later
[INFO] [stdout]    |     has type `&mut std::task::Context<'_>` which is not `Send`
[INFO] [stdout]    = note: required for the cast from `Pin<Box<impl Stream<Item = std::result::Result<data_chunk::DataChunk, v1::executor::ExecutorError>> + FusedStream>>` to `Pin<Box<(dyn Stream<Item = std::result::Result<data_chunk::DataChunk, v1::executor::ExecutorError>> + std::marker::Send + 'static)>>`
[INFO] [stdout]    = note: this error originates in the attribute macro `try_stream` (in Nightly builds, run with -Z macro-backtrace for more info)
[INFO] [stdout] 
[INFO] [stdout] 
[INFO] [stdout] error: generator cannot be sent between threads safely
[INFO] [stdout]    --> src/v1/executor/perfect_hash_agg.rs:220:5
[INFO] [stdout]     |
[INFO] [stdout] 220 |     #[try_stream(boxed, ok = DataChunk, error = ExecutorError)]
[INFO] [stdout]     |     ^^^^^^^^^^^^^^^^^^^^^^^^^^^^^^^^^^^^^^^^^^^^^^^^^^^^^^^^^^^ generator is not `Send`
[INFO] [stdout]     |
[INFO] [stdout]     = help: within `impl Stream<Item = std::result::Result<data_chunk::DataChunk, v1::executor::ExecutorError>> + FusedStream`, the trait `std::marker::Send` is not implemented for `*mut ()`
[INFO] [stdout] note: generator is not `Send` as this value is used across a yield
[INFO] [stdout]    --> src/v1/executor/perfect_hash_agg.rs:220:5
[INFO] [stdout]     |
[INFO] [stdout] 220 |     #[try_stream(boxed, ok = DataChunk, error = ExecutorError)]
[INFO] [stdout]     |     ^^^^^^^^^^^^^^^^^^^^^^^^^^^^^^^^^^^^^^^^^^^^^^^^^^^^^^^^^^-
[INFO] [stdout]     |     |                                                         |
[INFO] [stdout]     |     |                                                         `#[try_stream(boxed, ok = DataChunk, error = ExecutorError)]` is later dropped here
[INFO] [stdout]     |     yield occurs here, with `#[try_stream(boxed, ok = DataChunk, error = ExecutorError)]` maybe used later
[INFO] [stdout]     |     has type `&mut std::task::Context<'_>` which is not `Send`
[INFO] [stdout]     = note: required for the cast from `Pin<Box<impl Stream<Item = std::result::Result<data_chunk::DataChunk, v1::executor::ExecutorError>> + FusedStream>>` to `Pin<Box<(dyn Stream<Item = std::result::Result<data_chunk::DataChunk, v1::executor::ExecutorError>> + std::marker::Send + 'static)>>`
[INFO] [stdout]     = note: this error originates in the attribute macro `try_stream` (in Nightly builds, run with -Z macro-backtrace for more info)
[INFO] [stdout] 
[INFO] [stdout] 
[INFO] [stdout] error: generator cannot be sent between threads safely
[INFO] [stdout]   --> src/v1/executor/projection.rs:14:5
[INFO] [stdout]    |
[INFO] [stdout] 14 |     #[try_stream(boxed, ok = DataChunk, error = ExecutorError)]
[INFO] [stdout]    |     ^^^^^^^^^^^^^^^^^^^^^^^^^^^^^^^^^^^^^^^^^^^^^^^^^^^^^^^^^^^ generator is not `Send`
[INFO] [stdout]    |
[INFO] [stdout]    = help: within `impl Stream<Item = std::result::Result<data_chunk::DataChunk, v1::executor::ExecutorError>> + FusedStream`, the trait `std::marker::Send` is not implemented for `*mut ()`
[INFO] [stdout] note: generator is not `Send` as this value is used across a yield
[INFO] [stdout]   --> src/v1/executor/projection.rs:14:5
[INFO] [stdout]    |
[INFO] [stdout] 14 |     #[try_stream(boxed, ok = DataChunk, error = ExecutorError)]
[INFO] [stdout]    |     ^^^^^^^^^^^^^^^^^^^^^^^^^^^^^^^^^^^^^^^^^^^^^^^^^^^^^^^^^^-
[INFO] [stdout]    |     |                                                         |
[INFO] [stdout]    |     |                                                         `#[try_stream(boxed, ok = DataChunk, error = ExecutorError)]` is later dropped here
[INFO] [stdout]    |     yield occurs here, with `#[try_stream(boxed, ok = DataChunk, error = ExecutorError)]` maybe used later
[INFO] [stdout]    |     has type `&mut std::task::Context<'_>` which is not `Send`
[INFO] [stdout]    = note: required for the cast from `Pin<Box<impl Stream<Item = std::result::Result<data_chunk::DataChunk, v1::executor::ExecutorError>> + FusedStream>>` to `Pin<Box<(dyn Stream<Item = std::result::Result<data_chunk::DataChunk, v1::executor::ExecutorError>> + std::marker::Send + 'static)>>`
[INFO] [stdout]    = note: this error originates in the attribute macro `try_stream` (in Nightly builds, run with -Z macro-backtrace for more info)
[INFO] [stdout] 
[INFO] [stdout] 
[INFO] [stdout] error: generator cannot be sent between threads safely
[INFO] [stdout]   --> src/v1/executor/simple_agg.rs:48:5
[INFO] [stdout]    |
[INFO] [stdout] 48 |     #[try_stream(boxed, ok = DataChunk, error = ExecutorError)]
[INFO] [stdout]    |     ^^^^^^^^^^^^^^^^^^^^^^^^^^^^^^^^^^^^^^^^^^^^^^^^^^^^^^^^^^^ generator is not `Send`
[INFO] [stdout]    |
[INFO] [stdout]    = help: within `impl Stream<Item = std::result::Result<data_chunk::DataChunk, v1::executor::ExecutorError>> + FusedStream`, the trait `std::marker::Send` is not implemented for `*mut ()`
[INFO] [stdout] note: generator is not `Send` as this value is used across a yield
[INFO] [stdout]   --> src/v1/executor/simple_agg.rs:48:5
[INFO] [stdout]    |
[INFO] [stdout] 48 |     #[try_stream(boxed, ok = DataChunk, error = ExecutorError)]
[INFO] [stdout]    |     ^^^^^^^^^^^^^^^^^^^^^^^^^^^^^^^^^^^^^^^^^^^^^^^^^^^^^^^^^^-
[INFO] [stdout]    |     |                                                         |
[INFO] [stdout]    |     |                                                         `#[try_stream(boxed, ok = DataChunk, error = ExecutorError)]` is later dropped here
[INFO] [stdout]    |     yield occurs here, with `#[try_stream(boxed, ok = DataChunk, error = ExecutorError)]` maybe used later
[INFO] [stdout]    |     has type `&mut std::task::Context<'_>` which is not `Send`
[INFO] [stdout]    = note: required for the cast from `Pin<Box<impl Stream<Item = std::result::Result<data_chunk::DataChunk, v1::executor::ExecutorError>> + FusedStream>>` to `Pin<Box<(dyn Stream<Item = std::result::Result<data_chunk::DataChunk, v1::executor::ExecutorError>> + std::marker::Send + 'static)>>`
[INFO] [stdout]    = note: this error originates in the attribute macro `try_stream` (in Nightly builds, run with -Z macro-backtrace for more info)
[INFO] [stdout] 
[INFO] [stdout] 
[INFO] [stdout] error: generator cannot be sent between threads safely
[INFO] [stdout]   --> src/v1/executor/sort_agg.rs:16:5
[INFO] [stdout]    |
[INFO] [stdout] 16 |     #[try_stream(boxed, ok = DataChunk, error = ExecutorError)]
[INFO] [stdout]    |     ^^^^^^^^^^^^^^^^^^^^^^^^^^^^^^^^^^^^^^^^^^^^^^^^^^^^^^^^^^^ generator is not `Send`
[INFO] [stdout]    |
[INFO] [stdout]    = help: within `impl Stream<Item = std::result::Result<data_chunk::DataChunk, v1::executor::ExecutorError>> + FusedStream`, the trait `std::marker::Send` is not implemented for `*mut ()`
[INFO] [stdout] note: generator is not `Send` as this value is used across a yield
[INFO] [stdout]   --> src/v1/executor/sort_agg.rs:16:5
[INFO] [stdout]    |
[INFO] [stdout] 16 |     #[try_stream(boxed, ok = DataChunk, error = ExecutorError)]
[INFO] [stdout]    |     ^^^^^^^^^^^^^^^^^^^^^^^^^^^^^^^^^^^^^^^^^^^^^^^^^^^^^^^^^^-
[INFO] [stdout]    |     |                                                         |
[INFO] [stdout]    |     |                                                         `#[try_stream(boxed, ok = DataChunk, error = ExecutorError)]` is later dropped here
[INFO] [stdout]    |     yield occurs here, with `#[try_stream(boxed, ok = DataChunk, error = ExecutorError)]` maybe used later
[INFO] [stdout]    |     has type `&mut std::task::Context<'_>` which is not `Send`
[INFO] [stdout]    = note: required for the cast from `Pin<Box<impl Stream<Item = std::result::Result<data_chunk::DataChunk, v1::executor::ExecutorError>> + FusedStream>>` to `Pin<Box<(dyn Stream<Item = std::result::Result<data_chunk::DataChunk, v1::executor::ExecutorError>> + std::marker::Send + 'static)>>`
[INFO] [stdout]    = note: this error originates in the attribute macro `try_stream` (in Nightly builds, run with -Z macro-backtrace for more info)
[INFO] [stdout] 
[INFO] [stdout] 
[INFO] [stdout] error: generator cannot be sent between threads safely
[INFO] [stdout]   --> src/v1/executor/sort_merge_join.rs:93:1
[INFO] [stdout]    |
[INFO] [stdout] 93 | #[try_stream(boxed, ok = Row, error = ExecutorError)]
[INFO] [stdout]    | ^^^^^^^^^^^^^^^^^^^^^^^^^^^^^^^^^^^^^^^^^^^^^^^^^^^^^ generator is not `Send`
[INFO] [stdout]    |
[INFO] [stdout]    = help: within `impl Stream<Item = std::result::Result<std::vec::Vec<types::value::DataValue>, v1::executor::ExecutorError>> + FusedStream`, the trait `std::marker::Send` is not implemented for `*mut ()`
[INFO] [stdout] note: generator is not `Send` as this value is used across a yield
[INFO] [stdout]   --> src/v1/executor/sort_merge_join.rs:93:1
[INFO] [stdout]    |
[INFO] [stdout] 93 | #[try_stream(boxed, ok = Row, error = ExecutorError)]
[INFO] [stdout]    | ^^^^^^^^^^^^^^^^^^^^^^^^^^^^^^^^^^^^^^^^^^^^^^^^^^^^-
[INFO] [stdout]    | |                                                   |
[INFO] [stdout]    | |                                                   `#[try_stream(boxed, ok = Row, error = ExecutorError)]` is later dropped here
[INFO] [stdout]    | yield occurs here, with `#[try_stream(boxed, ok = Row, error = ExecutorError)]` maybe used later
[INFO] [stdout]    | has type `&mut std::task::Context<'_>` which is not `Send`
[INFO] [stdout]    = note: required for the cast from `Pin<Box<impl Stream<Item = std::result::Result<std::vec::Vec<types::value::DataValue>, v1::executor::ExecutorError>> + FusedStream>>` to `Pin<Box<dyn Stream<Item = Result<Vec<DataValue>, ExecutorError>> + Send>>`
[INFO] [stdout]    = note: the full name for the target type has been written to '/opt/rustwide/target/debug/deps/risinglight-5f54940932c0b489.long-type-8517661746375863667.txt'
[INFO] [stdout]    = note: this error originates in the attribute macro `try_stream` (in Nightly builds, run with -Z macro-backtrace for more info)
[INFO] [stdout] 
[INFO] [stdout] 
[INFO] [stdout] error: generator cannot be sent between threads safely
[INFO] [stdout]    --> src/v1/executor/sort_merge_join.rs:104:1
[INFO] [stdout]     |
[INFO] [stdout] 104 | #[try_stream(boxed, ok = Vec<Row>, error = ExecutorError)]
[INFO] [stdout]     | ^^^^^^^^^^^^^^^^^^^^^^^^^^^^^^^^^^^^^^^^^^^^^^^^^^^^^^^^^^ generator is not `Send`
[INFO] [stdout]     |
[INFO] [stdout]     = help: within `impl Stream<Item = std::result::Result<std::vec::Vec<std::vec::Vec<types::value::DataValue>>, v1::executor::ExecutorError>> + FusedStream`, the trait `std::marker::Send` is not implemented for `*mut ()`
[INFO] [stdout] note: generator is not `Send` as this value is used across a yield
[INFO] [stdout]    --> src/v1/executor/sort_merge_join.rs:104:1
[INFO] [stdout]     |
[INFO] [stdout] 104 | #[try_stream(boxed, ok = Vec<Row>, error = ExecutorError)]
[INFO] [stdout]     | ^^^^^^^^^^^^^^^^^^^^^^^^^^^^^^^^^^^^^^^^^^^^^^^^^^^^^^^^^-
[INFO] [stdout]     | |                                                        |
[INFO] [stdout]     | |                                                        `#[try_stream(boxed, ok = Vec<Row>, error = ExecutorError)]` is later dropped here
[INFO] [stdout]     | yield occurs here, with `#[try_stream(boxed, ok = Vec<Row>, error = ExecutorError)]` maybe used later
[INFO] [stdout]     | has type `&mut std::task::Context<'_>` which is not `Send`
[INFO] [stdout]     = note: required for the cast from `Pin<Box<impl Stream<Item = Result<Vec<Vec<DataValue>>, ExecutorError>> + FusedStream>>` to `Pin<Box<dyn Stream<Item = Result<Vec<Vec<DataValue>>, ExecutorError>> + Send>>`
[INFO] [stdout]     = note: the full name for the source type has been written to '/opt/rustwide/target/debug/deps/risinglight-5f54940932c0b489.long-type-330520298644832526.txt'
[INFO] [stdout]     = note: the full name for the target type has been written to '/opt/rustwide/target/debug/deps/risinglight-5f54940932c0b489.long-type-4306639589225736255.txt'
[INFO] [stdout]     = note: this error originates in the attribute macro `try_stream` (in Nightly builds, run with -Z macro-backtrace for more info)
[INFO] [stdout] 
[INFO] [stdout] 
[INFO] [stdout] error: generator cannot be sent between threads safely
[INFO] [stdout]   --> src/v1/executor/top_n.rs:22:5
[INFO] [stdout]    |
[INFO] [stdout] 22 |     #[try_stream(boxed, ok = DataChunk, error = ExecutorError)]
[INFO] [stdout]    |     ^^^^^^^^^^^^^^^^^^^^^^^^^^^^^^^^^^^^^^^^^^^^^^^^^^^^^^^^^^^ generator is not `Send`
[INFO] [stdout]    |
[INFO] [stdout]    = help: within `impl Stream<Item = std::result::Result<data_chunk::DataChunk, v1::executor::ExecutorError>> + FusedStream`, the trait `std::marker::Send` is not implemented for `*mut ()`
[INFO] [stdout] note: generator is not `Send` as this value is used across a yield
[INFO] [stdout]   --> src/v1/executor/top_n.rs:22:5
[INFO] [stdout]    |
[INFO] [stdout] 22 |     #[try_stream(boxed, ok = DataChunk, error = ExecutorError)]
[INFO] [stdout]    |     ^^^^^^^^^^^^^^^^^^^^^^^^^^^^^^^^^^^^^^^^^^^^^^^^^^^^^^^^^^-
[INFO] [stdout]    |     |                                                         |
[INFO] [stdout]    |     |                                                         `#[try_stream(boxed, ok = DataChunk, error = ExecutorError)]` is later dropped here
[INFO] [stdout]    |     yield occurs here, with `#[try_stream(boxed, ok = DataChunk, error = ExecutorError)]` maybe used later
[INFO] [stdout]    |     has type `&mut std::task::Context<'_>` which is not `Send`
[INFO] [stdout]    = note: required for the cast from `Pin<Box<impl Stream<Item = std::result::Result<data_chunk::DataChunk, v1::executor::ExecutorError>> + FusedStream>>` to `Pin<Box<(dyn Stream<Item = std::result::Result<data_chunk::DataChunk, v1::executor::ExecutorError>> + std::marker::Send + 'static)>>`
[INFO] [stdout]    = note: this error originates in the attribute macro `try_stream` (in Nightly builds, run with -Z macro-backtrace for more info)
[INFO] [stdout] 
[INFO] [stdout] 
[INFO] [stdout] error: aborting due to 50 previous errors; 1 warning emitted
[INFO] [stdout] 
[INFO] [stdout] 
[INFO] [stdout] Some errors have detailed explanations: E0425, E0433, E0658.
[INFO] [stdout] 
[INFO] [stdout] For more information about an error, try `rustc --explain E0425`.
[INFO] [stdout] 
[INFO] [stderr] error: could not compile `risinglight` (lib) due to 51 previous errors; 1 warning emitted
[INFO] [stderr] warning: build failed, waiting for other jobs to finish...
[INFO] [stdout] error: aborting due to 50 previous errors; 1 warning emitted
[INFO] [stdout] 
[INFO] [stdout] 
[INFO] [stdout] Some errors have detailed explanations: E0425, E0433, E0658.
[INFO] [stdout] 
[INFO] [stdout] For more information about an error, try `rustc --explain E0425`.
[INFO] [stdout] 
[INFO] [stderr] error: could not compile `risinglight` (lib test) due to 51 previous errors; 1 warning emitted
[INFO] running `Command { std: "docker" "inspect" "85ba69189d1a50cca358abb0e842045b327518ebe7f5b143b6309153c32a936e", kill_on_drop: false }`
[INFO] running `Command { std: "docker" "rm" "-f" "85ba69189d1a50cca358abb0e842045b327518ebe7f5b143b6309153c32a936e", kill_on_drop: false }`
[INFO] [stdout] 85ba69189d1a50cca358abb0e842045b327518ebe7f5b143b6309153c32a936e
